CRAN Package Check Results for Package ANOVAShiny2

Last updated on 2024-05-28 08:54:27 CEST.

Flavor Version Tinstall Tcheck Ttotal Status Flags
r-devel-linux-x86_64-debian-clang 0.1.0 2.04 20.68 22.72 NOTE
r-devel-linux-x86_64-debian-gcc 0.1.0 1.70 15.90 17.60 NOTE
r-devel-linux-x86_64-fedora-clang 0.1.0 29.20 NOTE
r-devel-linux-x86_64-fedora-gcc 0.1.0 27.27 NOTE
r-devel-windows-x86_64 0.1.0 4.00 39.00 43.00 NOTE
r-patched-linux-x86_64 0.1.0 1.50 19.40 20.90 NOTE
r-release-linux-x86_64 0.1.0 1.55 20.35 21.90 NOTE
r-release-macos-arm64 0.1.0 14.00 NOTE
r-release-windows-x86_64 0.1.0 4.00 38.00 42.00 NOTE
r-oldrel-macos-arm64 0.1.0 15.00 NOTE
r-oldrel-macos-x86_64 0.1.0 18.00 NOTE
r-oldrel-windows-x86_64 0.1.0 5.00 41.00 46.00 NOTE

Check Details

Version: 0.1.0
Check: LazyData
Result: NOTE 'LazyData' is specified without a 'data' directory Flavors: r-devel-linux-x86_64-debian-clang, r-devel-linux-x86_64-debian-gcc, r-devel-linux-x86_64-fedora-clang, r-devel-linux-x86_64-fedora-gcc, r-devel-windows-x86_64, r-patched-linux-x86_64, r-release-linux-x86_64, r-release-macos-arm64, r-release-windows-x86_64, r-oldrel-macos-arm64, r-oldrel-macos-x86_64, r-oldrel-windows-x86_64

Version: 0.1.0
Check: dependencies in R code
Result: NOTE Namespaces in Imports field not imported from: ‘DescTools’ ‘HH’ ‘datasets’ ‘dplyr’ ‘rhandsontable’ ‘shiny’ All declared Imports should be used. Flavors: r-devel-linux-x86_64-fedora-clang, r-devel-linux-x86_64-fedora-gcc