Last updated on 2024-03-28 23:55:01 CET.
Flavor | Version | Tinstall | Tcheck | Ttotal | Status | Flags |
---|---|---|---|---|---|---|
r-devel-linux-x86_64-debian-clang | 1.1.0 | 129.92 | 116.77 | 246.69 | OK | |
r-devel-linux-x86_64-debian-gcc | 1.1.0 | 106.44 | 235.86 | 342.30 | OK | |
r-devel-linux-x86_64-fedora-clang | 1.1.0 | 346.65 | NOTE | |||
r-devel-linux-x86_64-fedora-gcc | 1.1.0 | 436.27 | NOTE | |||
r-devel-windows-x86_64 | 1.1.0 | 101.00 | 188.00 | 289.00 | OK | |
r-patched-linux-x86_64 | 1.1.0 | 132.94 | 279.80 | 412.74 | OK | |
r-release-linux-x86_64 | 1.1.0 | 139.09 | 245.09 | 384.18 | OK | |
r-release-macos-arm64 | 1.1.0 | 92.00 | NOTE | |||
r-release-macos-x86_64 | 1.1.0 | 141.00 | NOTE | |||
r-release-windows-x86_64 | 1.1.0 | 123.00 | 201.00 | 324.00 | OK | |
r-oldrel-macos-arm64 | 1.1.0 | 86.00 | NOTE | |||
r-oldrel-windows-x86_64 | 1.1.0 | 117.00 | 197.00 | 314.00 | OK |
Version: 1.1.0
Check: dependencies in R code
Result: NOTE
Namespace in Imports field not imported from: ‘R.rsp’
All declared Imports should be used.
Flavors: r-devel-linux-x86_64-fedora-clang, r-devel-linux-x86_64-fedora-gcc
Version: 1.1.0
Check: installed package size
Result: NOTE
installed size is 10.2Mb
sub-directories of 1Mb or more:
libs 9.5Mb
Flavors: r-release-macos-arm64, r-release-macos-x86_64, r-oldrel-macos-arm64