Last updated on 2024-03-28 23:55:00 CET.
Flavor | Version | Tinstall | Tcheck | Ttotal | Status | Flags |
---|---|---|---|---|---|---|
r-devel-linux-x86_64-debian-clang | 0.1.1 | 15.10 | 125.90 | 141.00 | NOTE | |
r-devel-linux-x86_64-debian-gcc | 0.1.1 | 10.73 | 92.90 | 103.63 | NOTE | |
r-devel-linux-x86_64-fedora-clang | 0.1.1 | 166.66 | NOTE | |||
r-devel-linux-x86_64-fedora-gcc | 0.1.1 | 176.87 | NOTE | |||
r-devel-windows-x86_64 | 0.1.1 | 13.00 | 102.00 | 115.00 | NOTE | |
r-patched-linux-x86_64 | 0.1.1 | 11.51 | 116.11 | 127.62 | NOTE | |
r-release-linux-x86_64 | 0.1.1 | 11.24 | 116.19 | 127.43 | NOTE | |
r-release-macos-arm64 | 0.1.1 | 61.00 | NOTE | |||
r-release-macos-x86_64 | 0.1.1 | 86.00 | NOTE | |||
r-release-windows-x86_64 | 0.1.1 | 16.00 | 125.00 | 141.00 | NOTE | |
r-oldrel-macos-arm64 | 0.1.1 | 49.00 | NOTE | |||
r-oldrel-windows-x86_64 | 0.1.1 | 17.00 | 128.00 | 145.00 | OK |
Version: 0.1.1
Check: package subdirectories
Result: NOTE
Problems with news in ‘NEWS.md’:
No news entries found.
Flavors: r-devel-linux-x86_64-debian-clang, r-devel-linux-x86_64-debian-gcc, r-devel-linux-x86_64-fedora-clang, r-devel-linux-x86_64-fedora-gcc, r-devel-windows-x86_64, r-patched-linux-x86_64, r-release-linux-x86_64, r-release-macos-arm64, r-release-macos-x86_64, r-release-windows-x86_64
Version: 0.1.1
Check: dependencies in R code
Result: NOTE
Namespace in Imports field not imported from: ‘tidyr’
All declared Imports should be used.
Flavors: r-devel-linux-x86_64-fedora-clang, r-devel-linux-x86_64-fedora-gcc, r-oldrel-macos-arm64