Last updated on 2023-05-28 23:13:52 CEST.
Flavor | Version | Tinstall | Tcheck | Ttotal | Status | Flags |
---|---|---|---|---|---|---|
r-devel-linux-x86_64-debian-clang | 2.0.1 | 15.53 | 432.56 | 448.09 | NOTE | |
r-devel-linux-x86_64-debian-gcc | 2.0.1 | 12.58 | 326.23 | 338.81 | NOTE | |
r-devel-linux-x86_64-fedora-clang | 2.0.1 | 567.52 | NOTE | |||
r-devel-linux-x86_64-fedora-gcc | 2.0.1 | 620.63 | NOTE | |||
r-devel-windows-x86_64 | 2.0.1 | 14.00 | 324.00 | 338.00 | OK | |
r-patched-linux-x86_64 | 2.0.1 | 17.72 | 406.29 | 424.01 | NOTE | |
r-release-linux-x86_64 | 2.0.1 | 11.08 | 409.15 | 420.23 | NOTE | |
r-release-macos-arm64 | 2.0.1 | 149.00 | OK | |||
r-release-macos-x86_64 | 2.0.1 | 256.00 | OK | |||
r-release-windows-x86_64 | 2.0.1 | 18.00 | 429.00 | 447.00 | OK | |
r-oldrel-macos-arm64 | 2.0.1 | 113.00 | OK | |||
r-oldrel-macos-x86_64 | 2.0.1 | 189.00 | OK | |||
r-oldrel-windows-x86_64 | 2.0.1 | 17.00 | 328.00 | 345.00 | OK |
Version: 2.0.1
Check: for non-standard things in the check directory
Result: NOTE
Found the following files/directories:
‘table_AeRobiology’
Flavors: r-devel-linux-x86_64-debian-clang, r-devel-linux-x86_64-debian-gcc, r-devel-linux-x86_64-fedora-clang, r-devel-linux-x86_64-fedora-gcc, r-patched-linux-x86_64, r-release-linux-x86_64