Last updated on 2024-07-18 00:54:48 CEST.
Flavor | Version | Tinstall | Tcheck | Ttotal | Status | Flags |
---|---|---|---|---|---|---|
r-devel-linux-x86_64-debian-clang | 2.0.1 | 15.52 | 437.27 | 452.79 | NOTE | |
r-devel-linux-x86_64-debian-gcc | 2.0.1 | 11.77 | 315.94 | 327.71 | NOTE | |
r-devel-linux-x86_64-fedora-clang | 2.0.1 | 560.35 | NOTE | |||
r-devel-linux-x86_64-fedora-gcc | 2.0.1 | 576.68 | NOTE | |||
r-devel-windows-x86_64 | 2.0.1 | 15.00 | 314.00 | 329.00 | OK | |
r-patched-linux-x86_64 | 2.0.1 | 17.36 | 416.12 | 433.48 | NOTE | |
r-release-linux-x86_64 | 2.0.1 | 15.36 | 408.87 | 424.23 | NOTE | |
r-release-macos-arm64 | 2.0.1 | 137.00 | OK | |||
r-release-macos-x86_64 | 2.0.1 | 224.00 | OK | |||
r-release-windows-x86_64 | 2.0.1 | 13.00 | 312.00 | 325.00 | OK | |
r-oldrel-macos-arm64 | 2.0.1 | 149.00 | OK | |||
r-oldrel-macos-x86_64 | 2.0.1 | 256.00 | OK | |||
r-oldrel-windows-x86_64 | 2.0.1 | 17.00 | 403.00 | 420.00 | OK |
Version: 2.0.1
Check: for non-standard things in the check directory
Result: NOTE
Found the following files/directories:
‘table_AeRobiology’
Flavors: r-devel-linux-x86_64-debian-clang, r-devel-linux-x86_64-debian-gcc, r-devel-linux-x86_64-fedora-clang, r-devel-linux-x86_64-fedora-gcc, r-patched-linux-x86_64, r-release-linux-x86_64