Last updated on 2024-04-24 00:55:35 CEST.
Flavor | Version | Tinstall | Tcheck | Ttotal | Status | Flags |
---|---|---|---|---|---|---|
r-devel-linux-x86_64-debian-clang | 0.2.0 | 3.00 | 42.06 | 45.06 | OK | |
r-devel-linux-x86_64-debian-gcc | 0.2.0 | 2.46 | 32.35 | 34.81 | OK | |
r-devel-linux-x86_64-fedora-clang | 0.2.0 | 58.73 | NOTE | |||
r-devel-linux-x86_64-fedora-gcc | 0.2.0 | 71.21 | NOTE | |||
r-prerel-macos-arm64 | 0.2.0 | 27.00 | OK | |||
r-prerel-windows-x86_64 | 0.2.0 | 5.00 | 53.00 | 58.00 | OK | |
r-patched-linux-x86_64 | 0.2.0 | 2.17 | 41.83 | 44.00 | OK | |
r-release-linux-x86_64 | 0.2.0 | 1.99 | 40.19 | 42.18 | OK | |
r-release-macos-arm64 | 0.2.0 | 28.00 | OK | |||
r-release-macos-x86_64 | 0.2.0 | 44.00 | OK | |||
r-release-windows-x86_64 | 0.2.0 | 6.00 | 57.00 | 63.00 | OK | |
r-oldrel-macos-arm64 | 0.2.0 | 25.00 | OK | |||
r-oldrel-windows-x86_64 | 0.2.0 | 5.00 | 60.00 | 65.00 | OK |
Version: 0.2.0
Check: dependencies in R code
Result: NOTE
Namespace in Imports field not imported from: ‘flextable’
All declared Imports should be used.
Flavors: r-devel-linux-x86_64-fedora-clang, r-devel-linux-x86_64-fedora-gcc