CRAN Package Check Results for Package AggregateR

Last updated on 2023-12-09 08:49:35 CET.

Flavor Version Tinstall Tcheck Ttotal Status Flags
r-devel-linux-x86_64-debian-clang 0.1.1 4.37 44.79 49.16 NOTE
r-devel-linux-x86_64-debian-gcc 0.1.1 3.68 33.55 37.23 NOTE
r-devel-linux-x86_64-fedora-clang 0.1.1 60.65 NOTE
r-devel-linux-x86_64-fedora-gcc 0.1.1 57.32 NOTE
r-devel-windows-x86_64 0.1.1 5.00 58.00 63.00 NOTE
r-patched-linux-x86_64 0.1.1 4.59 42.48 47.07 NOTE
r-release-linux-x86_64 0.1.1 4.44 40.99 45.43 NOTE
r-release-macos-arm64 0.1.1 23.00 NOTE
r-release-macos-x86_64 0.1.1 33.00 NOTE
r-release-windows-x86_64 0.1.1 5.00 59.00 64.00 NOTE
r-oldrel-macos-arm64 0.1.1 22.00 NOTE
r-oldrel-macos-x86_64 0.1.1 31.00 NOTE
r-oldrel-windows-x86_64 0.1.1 6.00 64.00 70.00 NOTE

Check Details

Version: 0.1.1
Check: LazyData
Result: NOTE 'LazyData' is specified without a 'data' directory Flavors: r-devel-linux-x86_64-debian-clang, r-devel-linux-x86_64-debian-gcc, r-devel-linux-x86_64-fedora-clang, r-devel-linux-x86_64-fedora-gcc, r-devel-windows-x86_64, r-patched-linux-x86_64, r-release-linux-x86_64, r-release-macos-arm64, r-release-macos-x86_64, r-release-windows-x86_64, r-oldrel-macos-arm64, r-oldrel-macos-x86_64, r-oldrel-windows-x86_64