Last updated on 2023-06-05 16:54:48 CEST.
Flavor | Version | Tinstall | Tcheck | Ttotal | Status | Flags |
---|---|---|---|---|---|---|
r-devel-linux-x86_64-debian-clang | 1.4.2 | 304.24 | 112.72 | 416.96 | OK | |
r-devel-linux-x86_64-debian-gcc | 1.4.2 | 224.82 | 78.65 | 303.47 | OK | |
r-devel-linux-x86_64-fedora-clang | 1.4.2 | 558.99 | OK | |||
r-devel-linux-x86_64-fedora-gcc | 1.4.2 | 598.03 | OK | |||
r-devel-windows-x86_64 | 1.4.2 | 205.00 | 147.00 | 352.00 | OK | |
r-patched-linux-x86_64 | 1.4.2 | 257.40 | 99.56 | 356.96 | OK | |
r-release-linux-x86_64 | 1.4.2 | 242.77 | 97.63 | 340.40 | OK | |
r-release-macos-arm64 | 1.4.2 | 139.00 | NOTE | |||
r-release-macos-x86_64 | 1.4.2 | 235.00 | NOTE | |||
r-release-windows-x86_64 | 1.4.2 | 266.00 | 163.00 | 429.00 | OK | |
r-oldrel-macos-arm64 | 1.4.2 | 121.00 | NOTE | |||
r-oldrel-macos-x86_64 | 1.4.2 | 149.00 | NOTE | |||
r-oldrel-windows-x86_64 | 1.4.2 | 257.00 | 137.00 | 394.00 | OK |
Version: 1.4.2
Check: installed package size
Result: NOTE
installed size is 19.0Mb
sub-directories of 1Mb or more:
libs 17.7Mb
Flavors: r-release-macos-arm64, r-release-macos-x86_64, r-oldrel-macos-arm64, r-oldrel-macos-x86_64