Last updated on 2024-03-28 23:55:00 CET.
Flavor | Version | Tinstall | Tcheck | Ttotal | Status | Flags |
---|---|---|---|---|---|---|
r-devel-linux-x86_64-debian-clang | 1.5.3 | 319.83 | 106.31 | 426.14 | OK | |
r-devel-linux-x86_64-debian-gcc | 1.5.3 | 253.49 | 76.51 | 330.00 | OK | |
r-devel-linux-x86_64-fedora-clang | 1.5.3 | 584.39 | OK | |||
r-devel-linux-x86_64-fedora-gcc | 1.5.3 | 638.95 | OK | |||
r-devel-windows-x86_64 | 1.5.3 | 233.00 | 148.00 | 381.00 | OK | |
r-patched-linux-x86_64 | 1.5.3 | 311.77 | 100.73 | 412.50 | OK | |
r-release-linux-x86_64 | 1.5.3 | 313.23 | 98.31 | 411.54 | OK | |
r-release-macos-arm64 | 1.5.3 | 127.00 | NOTE | |||
r-release-macos-x86_64 | 1.5.3 | 184.00 | NOTE | |||
r-release-windows-x86_64 | 1.5.3 | 287.00 | 170.00 | 457.00 | OK | |
r-oldrel-macos-arm64 | 1.5.3 | 116.00 | NOTE | |||
r-oldrel-windows-x86_64 | 1.5.3 | 276.00 | 153.00 | 429.00 | OK |
Version: 1.5.3
Check: installed package size
Result: NOTE
installed size is 19.1Mb
sub-directories of 1Mb or more:
libs 17.8Mb
Flavors: r-release-macos-arm64, r-release-macos-x86_64, r-oldrel-macos-arm64