Last updated on 2023-06-10 16:53:30 CEST.
Flavor | Version | Tinstall | Tcheck | Ttotal | Status | Flags |
---|---|---|---|---|---|---|
r-devel-linux-x86_64-debian-clang | 0.1.4.4 | 294.49 | 247.52 | 542.01 | NOTE | |
r-devel-linux-x86_64-debian-gcc | 0.1.4.4 | 249.62 | 184.65 | 434.27 | NOTE | |
r-devel-linux-x86_64-fedora-clang | 0.1.4.4 | 780.45 | NOTE | |||
r-devel-linux-x86_64-fedora-gcc | 0.1.4.4 | 784.57 | NOTE | |||
r-devel-windows-x86_64 | 0.1.4.4 | 214.00 | 259.00 | 473.00 | NOTE | |
r-patched-linux-x86_64 | 0.1.4.4 | 263.63 | 235.41 | 499.04 | NOTE | |
r-release-linux-x86_64 | 0.1.4.4 | 261.88 | 234.43 | 496.31 | NOTE | |
r-release-macos-arm64 | 0.1.4.4 | 198.00 | NOTE | |||
r-release-macos-x86_64 | 0.1.4.4 | 338.00 | NOTE | |||
r-release-windows-x86_64 | 0.1.4.4 | 276.00 | 298.00 | 574.00 | NOTE | |
r-oldrel-macos-arm64 | 0.1.4.4 | 182.00 | NOTE | |||
r-oldrel-macos-x86_64 | 0.1.4.4 | 235.00 | NOTE | |||
r-oldrel-windows-x86_64 | 0.1.4.4 | 265.00 | 293.00 | 558.00 | NOTE |
Version: 0.1.4.4
Check: C++ specification
Result: NOTE
Specified C++11: please drop specification unless essential
Flavors: r-devel-linux-x86_64-debian-clang, r-devel-linux-x86_64-debian-gcc, r-devel-linux-x86_64-fedora-clang, r-devel-linux-x86_64-fedora-gcc, r-devel-windows-x86_64, r-patched-linux-x86_64, r-release-linux-x86_64, r-release-macos-arm64, r-release-macos-x86_64, r-release-windows-x86_64
Version: 0.1.4.4
Check: LazyData
Result: NOTE
'LazyData' is specified without a 'data' directory
Flavors: r-devel-linux-x86_64-debian-clang, r-devel-linux-x86_64-debian-gcc, r-devel-linux-x86_64-fedora-clang, r-devel-linux-x86_64-fedora-gcc, r-devel-windows-x86_64, r-patched-linux-x86_64, r-release-linux-x86_64, r-release-macos-arm64, r-release-macos-x86_64, r-release-windows-x86_64, r-oldrel-macos-arm64, r-oldrel-macos-x86_64, r-oldrel-windows-x86_64
Version: 0.1.4.4
Check: installed package size
Result: NOTE
installed size is 27.3Mb
sub-directories of 1Mb or more:
libs 25.9Mb
Flavors: r-release-macos-arm64, r-release-macos-x86_64, r-oldrel-macos-arm64, r-oldrel-macos-x86_64