Last updated on 2024-04-23 01:06:00 CEST.
Flavor | Version | Tinstall | Tcheck | Ttotal | Status | Flags |
---|---|---|---|---|---|---|
r-devel-linux-x86_64-debian-clang | 0.1.4.4 | 289.33 | 258.58 | 547.91 | NOTE | |
r-devel-linux-x86_64-debian-gcc | 0.1.4.4 | 251.71 | 177.22 | 428.93 | NOTE | |
r-devel-linux-x86_64-fedora-clang | 0.1.4.4 | 780.98 | NOTE | |||
r-devel-linux-x86_64-fedora-gcc | 0.1.4.4 | 825.06 | NOTE | |||
r-prerel-macos-arm64 | 0.1.4.4 | 157.00 | NOTE | |||
r-prerel-windows-x86_64 | 0.1.4.4 | 221.00 | 229.00 | 450.00 | NOTE | |
r-patched-linux-x86_64 | 0.1.4.4 | 312.56 | 241.08 | 553.64 | NOTE | |
r-release-linux-x86_64 | 0.1.4.4 | 298.86 | 240.74 | 539.60 | NOTE | |
r-release-macos-arm64 | 0.1.4.4 | 198.00 | NOTE | |||
r-release-macos-x86_64 | 0.1.4.4 | 338.00 | NOTE | |||
r-release-windows-x86_64 | 0.1.4.4 | 275.00 | 298.00 | 573.00 | NOTE | |
r-oldrel-macos-arm64 | 0.1.4.4 | 182.00 | NOTE | |||
r-oldrel-windows-x86_64 | 0.1.4.4 | 280.00 | 277.00 | 557.00 | NOTE |
Version: 0.1.4.4
Check: C++ specification
Result: NOTE
Specified C++11: please drop specification unless essential
Flavors: r-devel-linux-x86_64-debian-clang, r-devel-linux-x86_64-debian-gcc, r-devel-linux-x86_64-fedora-clang, r-devel-linux-x86_64-fedora-gcc, r-prerel-macos-arm64, r-prerel-windows-x86_64, r-patched-linux-x86_64, r-release-linux-x86_64, r-release-macos-arm64, r-release-macos-x86_64, r-release-windows-x86_64
Version: 0.1.4.4
Check: LazyData
Result: NOTE
'LazyData' is specified without a 'data' directory
Flavors: r-devel-linux-x86_64-debian-clang, r-devel-linux-x86_64-debian-gcc, r-devel-linux-x86_64-fedora-clang, r-devel-linux-x86_64-fedora-gcc, r-prerel-macos-arm64, r-prerel-windows-x86_64, r-patched-linux-x86_64, r-release-linux-x86_64, r-release-macos-arm64, r-release-macos-x86_64, r-release-windows-x86_64, r-oldrel-macos-arm64, r-oldrel-windows-x86_64
Version: 0.1.4.4
Check: installed package size
Result: NOTE
installed size is 24.7Mb
sub-directories of 1Mb or more:
libs 23.2Mb
Flavors: r-prerel-macos-arm64, r-release-macos-arm64, r-release-macos-x86_64, r-oldrel-macos-arm64