CRAN Package Check Results for Package AutoDeskR

Last updated on 2021-09-16 16:50:07 CEST.

Flavor Version Tinstall Tcheck Ttotal Status Flags
r-devel-linux-x86_64-debian-clang 0.1.3 3.96 37.85 41.81 NOTE
r-devel-linux-x86_64-debian-gcc 0.1.3 2.98 29.64 32.62 NOTE
r-devel-linux-x86_64-fedora-clang 0.1.3 58.12 NOTE
r-devel-linux-x86_64-fedora-gcc 0.1.3 47.73 NOTE
r-devel-windows-x86_64 0.1.3 6.00 57.00 63.00 NOTE
r-devel-windows-x86_64-gcc10-UCRT 0.1.3 NOTE
r-patched-linux-x86_64 0.1.3 4.29 38.07 42.36 NOTE
r-patched-solaris-x86 0.1.3 72.40 NOTE
r-release-linux-x86_64 0.1.3 3.89 35.76 39.65 NOTE
r-release-macos-arm64 0.1.3 NOTE
r-release-macos-x86_64 0.1.3 NOTE
r-release-windows-ix86+x86_64 0.1.3 10.00 63.00 73.00 NOTE
r-oldrel-macos-x86_64 0.1.3 OK
r-oldrel-windows-ix86+x86_64 0.1.3 8.00 60.00 68.00 OK

Check Details

Version: 0.1.3
Check: LazyData
Result: NOTE
     'LazyData' is specified without a 'data' directory
Flavors: r-devel-linux-x86_64-debian-clang, r-devel-linux-x86_64-debian-gcc, r-devel-linux-x86_64-fedora-clang, r-devel-linux-x86_64-fedora-gcc, r-devel-windows-x86_64, r-devel-windows-x86_64-gcc10-UCRT, r-patched-linux-x86_64, r-patched-solaris-x86, r-release-linux-x86_64, r-release-macos-arm64, r-release-macos-x86_64, r-release-windows-ix86+x86_64