CRAN Package Check Results for Package AutoPipe

Last updated on 2021-12-06 04:50:29 CET.

Flavor Version Tinstall Tcheck Ttotal Status Flags
r-devel-linux-x86_64-debian-clang 0.1.6 19.53 176.77 196.30 OK
r-devel-linux-x86_64-debian-gcc 0.1.6 17.56 140.40 157.96 OK
r-devel-linux-x86_64-fedora-clang 0.1.6 258.39 OK
r-devel-linux-x86_64-fedora-gcc 0.1.6 245.22 OK
r-devel-windows-x86_64-new-UL 0.1.6 31.00 207.00 238.00 OK
r-devel-windows-x86_64-new-TK 0.1.6 OK
r-devel-windows-x86_64-old 0.1.6 31.00 147.00 178.00 OK
r-patched-linux-x86_64 0.1.6 19.63 170.14 189.77 OK
r-release-linux-x86_64 0.1.6 17.45 177.40 194.85 OK
r-release-macos-arm64 0.1.6 OK
r-release-macos-x86_64 0.1.6 OK
r-release-windows-ix86+x86_64 0.1.6 45.00 200.00 245.00 OK
r-oldrel-macos-x86_64 0.1.6 ERROR
r-oldrel-windows-ix86+x86_64 0.1.6 36.00 155.00 191.00 OK

Check Details

Version: 0.1.6
Check: package dependencies
Result: ERROR
    Packages required but not available:
     'fgsea', 'ConsensusClusterPlus', 'clusterProfiler'
    
    See section ‘The DESCRIPTION file’ in the ‘Writing R Extensions’
    manual.
Flavor: r-oldrel-macos-x86_64