CRAN Package Check Results for Package AutoStepwiseGLM

Last updated on 2023-06-04 08:57:04 CEST.

Flavor Version Tinstall Tcheck Ttotal Status Flags
r-devel-linux-x86_64-debian-clang 0.2.0 16.98 131.35 148.33 NOTE
r-devel-linux-x86_64-debian-gcc 0.2.0 13.66 96.76 110.42 NOTE
r-devel-linux-x86_64-fedora-clang 0.2.0 183.98 NOTE
r-devel-linux-x86_64-fedora-gcc 0.2.0 205.59 NOTE
r-devel-windows-x86_64 0.2.0 15.00 103.00 118.00 NOTE
r-patched-linux-x86_64 0.2.0 14.78 120.07 134.85 NOTE
r-release-linux-x86_64 0.2.0 11.26 121.64 132.90 NOTE
r-release-macos-arm64 0.2.0 50.00 NOTE
r-release-macos-x86_64 0.2.0 89.00 NOTE
r-release-windows-x86_64 0.2.0 19.00 123.00 142.00 NOTE
r-oldrel-macos-arm64 0.2.0 50.00 NOTE
r-oldrel-macos-x86_64 0.2.0 84.00 NOTE
r-oldrel-windows-x86_64 0.2.0 19.00 128.00 147.00 NOTE

Check Details

Version: 0.2.0
Check: LazyData
Result: NOTE
     'LazyData' is specified without a 'data' directory
Flavors: r-devel-linux-x86_64-debian-clang, r-devel-linux-x86_64-debian-gcc, r-devel-linux-x86_64-fedora-clang, r-devel-linux-x86_64-fedora-gcc, r-devel-windows-x86_64, r-patched-linux-x86_64, r-release-linux-x86_64, r-release-macos-arm64, r-release-macos-x86_64, r-release-windows-x86_64, r-oldrel-macos-arm64, r-oldrel-macos-x86_64, r-oldrel-windows-x86_64