CRAN Package Check Results for Package AvInertia

Last updated on 2021-10-24 00:50:50 CEST.

Flavor Version Tinstall Tcheck Ttotal Status Flags
r-devel-linux-x86_64-debian-clang 0.0.1 4.39 133.37 137.76 OK
r-devel-linux-x86_64-debian-gcc 0.0.1 4.12 95.77 99.89 OK
r-devel-linux-x86_64-fedora-clang 0.0.1 169.70 NOTE
r-devel-linux-x86_64-fedora-gcc 0.0.1 159.83 NOTE
r-devel-windows-x86_64 0.0.1 9.00 168.00 177.00 OK
r-devel-windows-x86_64-gcc10-UCRT 0.0.1 NOTE
r-patched-linux-x86_64 0.0.1 5.62 127.77 133.39 OK
r-patched-solaris-x86 0.0.1 181.50 NOTE
r-release-linux-x86_64 0.0.1 4.10 125.47 129.57 OK
r-release-macos-arm64 0.0.1 NOTE
r-release-macos-x86_64 0.0.1 NOTE
r-release-windows-ix86+x86_64 0.0.1 8.00 163.00 171.00 OK
r-oldrel-macos-x86_64 0.0.1 NOTE
r-oldrel-windows-ix86+x86_64 0.0.1 9.00 167.00 176.00 OK

Check Details

Version: 0.0.1
Check: dependencies in R code
Result: NOTE
    Namespaces in Imports field not imported from:
     ‘readxl’ ‘reshape2’ ‘stringr’ ‘tidyr’
     All declared Imports should be used.
Flavors: r-devel-linux-x86_64-fedora-clang, r-devel-linux-x86_64-fedora-gcc, r-devel-windows-x86_64-gcc10-UCRT, r-patched-solaris-x86, r-release-macos-arm64, r-release-macos-x86_64, r-oldrel-macos-x86_64