Last updated on 2024-03-28 23:55:01 CET.
Flavor | Version | Tinstall | Tcheck | Ttotal | Status | Flags |
---|---|---|---|---|---|---|
r-devel-linux-x86_64-debian-clang | 1.3.2 | 8.94 | 42.85 | 51.79 | OK | |
r-devel-linux-x86_64-debian-gcc | 1.3.2 | 4.84 | 32.74 | 37.58 | OK | |
r-devel-linux-x86_64-fedora-clang | 1.3.2 | 70.40 | NOTE | |||
r-devel-linux-x86_64-fedora-gcc | 1.3.2 | 74.21 | NOTE | |||
r-devel-windows-x86_64 | 1.3.2 | 8.00 | 59.00 | 67.00 | OK | |
r-patched-linux-x86_64 | 1.3.2 | 13.82 | 41.22 | 55.04 | OK | |
r-release-linux-x86_64 | 1.3.2 | 8.24 | 40.14 | 48.38 | OK | |
r-release-macos-arm64 | 1.3.2 | 31.00 | OK | |||
r-release-macos-x86_64 | 1.3.2 | 44.00 | OK | |||
r-release-windows-x86_64 | 1.3.2 | 11.00 | 67.00 | 78.00 | OK | |
r-oldrel-macos-arm64 | 1.3.2 | 27.00 | NOTE | |||
r-oldrel-windows-x86_64 | 1.3.2 | 10.00 | 59.00 | 69.00 | OK |
Version: 1.3.2
Check: dependencies in R code
Result: NOTE
Namespace in Imports field not imported from: ‘openssl’
All declared Imports should be used.
Flavors: r-devel-linux-x86_64-fedora-clang, r-devel-linux-x86_64-fedora-gcc, r-oldrel-macos-arm64
Version: 1.3.2
Check: Rd cross-references
Result: NOTE
Undeclared package ‘AzureAuth’ in Rd xrefs
Flavor: r-devel-linux-x86_64-fedora-clang