Last updated on 2023-12-11 00:49:00 CET.
Flavor | Version | Tinstall | Tcheck | Ttotal | Status | Flags |
---|---|---|---|---|---|---|
r-devel-linux-x86_64-debian-clang | 1.0.1 | 3.08 | 29.31 | 32.39 | OK | |
r-devel-linux-x86_64-debian-gcc | 1.0.1 | 2.41 | 22.84 | 25.25 | OK | |
r-devel-linux-x86_64-fedora-clang | 1.0.1 | 41.82 | NOTE | |||
r-devel-linux-x86_64-fedora-gcc | 1.0.1 | 51.14 | NOTE | |||
r-devel-windows-x86_64 | 1.0.1 | 4.00 | 45.00 | 49.00 | OK | |
r-patched-linux-x86_64 | 1.0.1 | 11.07 | 28.82 | 39.89 | OK | |
r-release-linux-x86_64 | 1.0.1 | 2.55 | 28.95 | 31.50 | OK | |
r-release-macos-arm64 | 1.0.1 | 25.00 | OK | |||
r-release-macos-x86_64 | 1.0.1 | 34.00 | OK | |||
r-release-windows-x86_64 | 1.0.1 | 5.00 | 46.00 | 51.00 | OK | |
r-oldrel-macos-arm64 | 1.0.1 | 19.00 | NOTE | |||
r-oldrel-macos-x86_64 | 1.0.1 | 28.00 | NOTE | |||
r-oldrel-windows-x86_64 | 1.0.1 | 5.00 | 48.00 | 53.00 | OK |
Version: 1.0.1
Check: dependencies in R code
Result: NOTE
Namespaces in Imports field not imported from:
‘httr’ ‘openssl’
All declared Imports should be used.
Flavors: r-devel-linux-x86_64-fedora-clang, r-devel-linux-x86_64-fedora-gcc, r-oldrel-macos-arm64, r-oldrel-macos-x86_64