CRAN Package Check Results for Package AzureQstor

Last updated on 2021-11-27 04:55:37 CET.

Flavor Version Tinstall Tcheck Ttotal Status Flags
r-devel-linux-x86_64-debian-clang 1.0.1 OK
r-devel-linux-x86_64-debian-gcc 1.0.1 3.41 20.78 24.19 OK
r-devel-linux-x86_64-fedora-clang 1.0.1 47.88 NOTE
r-devel-linux-x86_64-fedora-gcc 1.0.1 36.72 NOTE
r-devel-windows-x86_64-new-UL 1.0.1 10.00 68.00 78.00 OK
r-devel-windows-x86_64-new-TK 1.0.1 NOTE
r-devel-windows-x86_64-old 1.0.1 6.00 40.00 46.00 OK
r-patched-linux-x86_64 1.0.1 10.72 24.71 35.43 OK
r-patched-solaris-x86 1.0.1 57.60 NOTE
r-release-linux-x86_64 1.0.1 OK
r-release-macos-arm64 1.0.1 NOTE
r-release-macos-x86_64 1.0.1 NOTE
r-release-windows-ix86+x86_64 1.0.1 8.00 46.00 54.00 OK
r-oldrel-macos-x86_64 1.0.1 NOTE
r-oldrel-windows-ix86+x86_64 1.0.1 15.00 44.00 59.00 OK

Check Details

Version: 1.0.1
Check: dependencies in R code
Result: NOTE
    Namespaces in Imports field not imported from:
     ‘httr’ ‘openssl’
     All declared Imports should be used.
Flavors: r-devel-linux-x86_64-fedora-clang, r-devel-linux-x86_64-fedora-gcc, r-devel-windows-x86_64-new-TK, r-patched-solaris-x86, r-release-macos-arm64, r-release-macos-x86_64, r-oldrel-macos-x86_64