CRAN Package Check Results for Package BACCT

Last updated on 2023-06-04 08:57:04 CEST.

Flavor Version Tinstall Tcheck Ttotal Status Flags
r-devel-linux-x86_64-debian-clang 1.0 7.33 52.41 59.74 NOTE
r-devel-linux-x86_64-debian-gcc 1.0 5.00 39.74 44.74 NOTE
r-devel-linux-x86_64-fedora-clang 1.0 74.06 NOTE
r-devel-linux-x86_64-fedora-gcc 1.0 80.75 NOTE
r-devel-windows-x86_64 1.0 7.00 58.00 65.00 NOTE
r-patched-linux-x86_64 1.0 6.01 48.69 54.70 NOTE
r-release-linux-x86_64 1.0 5.93 47.87 53.80 NOTE
r-release-macos-arm64 1.0 26.00 NOTE
r-release-macos-x86_64 1.0 37.00 NOTE
r-release-windows-x86_64 1.0 8.00 65.00 73.00 NOTE
r-oldrel-macos-arm64 1.0 28.00 NOTE
r-oldrel-macos-x86_64 1.0 40.00 NOTE
r-oldrel-windows-x86_64 1.0 8.00 67.00 75.00 NOTE

Check Details

Version: 1.0
Check: LazyData
Result: NOTE
     'LazyData' is specified without a 'data' directory
Flavors: r-devel-linux-x86_64-debian-clang, r-devel-linux-x86_64-debian-gcc, r-devel-linux-x86_64-fedora-clang, r-devel-linux-x86_64-fedora-gcc, r-devel-windows-x86_64, r-patched-linux-x86_64, r-release-linux-x86_64, r-release-macos-arm64, r-release-macos-x86_64, r-release-windows-x86_64, r-oldrel-macos-arm64, r-oldrel-macos-x86_64, r-oldrel-windows-x86_64