Last updated on 2024-04-20 08:50:44 CEST.
Flavor | Version | Tinstall | Tcheck | Ttotal | Status | Flags |
---|---|---|---|---|---|---|
r-devel-linux-x86_64-debian-clang | 1.3.2 | 53.59 | 405.12 | 458.71 | OK | |
r-devel-linux-x86_64-debian-gcc | 1.3.2 | 39.72 | 290.08 | 329.80 | OK | |
r-devel-linux-x86_64-fedora-clang | 1.3.2 | 567.71 | NOTE | |||
r-devel-linux-x86_64-fedora-gcc | 1.3.2 | 582.20 | NOTE | |||
r-prerel-macos-arm64 | 1.3.2 | 128.00 | OK | |||
r-prerel-windows-x86_64 | 1.3.2 | 33.00 | 262.00 | 295.00 | OK | |
r-patched-linux-x86_64 | 1.3.2 | 44.23 | 382.89 | 427.12 | OK | |
r-release-linux-x86_64 | 1.3.2 | 33.93 | 387.87 | 421.80 | OK | |
r-release-macos-arm64 | 1.3.2 | 120.00 | OK | |||
r-release-macos-x86_64 | 1.3.2 | 304.00 | OK | |||
r-release-windows-x86_64 | 1.3.2 | 51.00 | 344.00 | 395.00 | OK | |
r-oldrel-macos-arm64 | 1.3.2 | 121.00 | OK | |||
r-oldrel-windows-x86_64 | 1.3.2 | 49.00 | 328.00 | 377.00 | OK |
Version: 1.3.2
Check: data for non-ASCII characters
Result: NOTE
Note: found 493 marked UTF-8 strings
Flavors: r-devel-linux-x86_64-fedora-clang, r-devel-linux-x86_64-fedora-gcc