CRAN Package Check Results for Package BBEST

Last updated on 2023-06-08 08:55:16 CEST.

Flavor Version Tinstall Tcheck Ttotal Status Flags
r-devel-linux-x86_64-debian-clang 0.1-8 10.01 71.83 81.84 NOTE
r-devel-linux-x86_64-debian-gcc 0.1-8 7.49 54.03 61.52 NOTE
r-devel-linux-x86_64-fedora-clang 0.1-8 102.60 NOTE
r-devel-linux-x86_64-fedora-gcc 0.1-8 96.81 NOTE
r-devel-windows-x86_64 0.1-8 14.00 73.00 87.00 NOTE
r-patched-linux-x86_64 0.1-8 9.65 67.43 77.08 NOTE
r-release-linux-x86_64 0.1-8 9.28 66.31 75.59 NOTE
r-release-macos-arm64 0.1-8 32.00 NOTE
r-release-macos-x86_64 0.1-8 47.00 NOTE
r-release-windows-x86_64 0.1-8 15.00 82.00 97.00 NOTE
r-oldrel-macos-arm64 0.1-8 32.00 NOTE
r-oldrel-macos-x86_64 0.1-8 57.00 NOTE
r-oldrel-windows-x86_64 0.1-8 18.00 87.00 105.00 NOTE

Check Details

Version: 0.1-8
Check: LazyData
Result: NOTE
     'LazyData' is specified without a 'data' directory
Flavors: r-devel-linux-x86_64-debian-clang, r-devel-linux-x86_64-debian-gcc, r-devel-linux-x86_64-fedora-clang, r-devel-linux-x86_64-fedora-gcc, r-devel-windows-x86_64, r-patched-linux-x86_64, r-release-linux-x86_64, r-release-macos-arm64, r-release-macos-x86_64, r-release-windows-x86_64, r-oldrel-macos-arm64, r-oldrel-macos-x86_64, r-oldrel-windows-x86_64