Last updated on 2024-04-20 00:56:00 CEST.
Flavor | Version | Tinstall | Tcheck | Ttotal | Status | Flags |
---|---|---|---|---|---|---|
r-devel-linux-x86_64-debian-clang | 1.0.2 | 117.91 | 249.52 | 367.43 | OK | |
r-devel-linux-x86_64-debian-gcc | 1.0.2 | OK | ||||
r-devel-linux-x86_64-fedora-clang | 1.0.2 | 470.36 | NOTE | |||
r-devel-linux-x86_64-fedora-gcc | 1.0.2 | 495.51 | OK | |||
r-prerel-macos-arm64 | 1.0.2 | 5.00 | ERROR | |||
r-prerel-macos-x86_64 | 1.0.2 | 8.00 | ERROR | |||
r-prerel-windows-x86_64 | 1.0.2 | 80.00 | 227.00 | 307.00 | NOTE | |
r-patched-linux-x86_64 | 1.0.2 | 102.05 | 237.74 | 339.79 | OK | |
r-release-linux-x86_64 | 1.0.2 | 92.80 | 240.83 | 333.63 | OK | |
r-release-macos-arm64 | 1.0.2 | 11.00 | ERROR | |||
r-release-macos-x86_64 | 1.0.2 | 7.00 | ERROR | |||
r-release-windows-x86_64 | 1.0.2 | 103.00 | 257.00 | 360.00 | NOTE | |
r-oldrel-macos-arm64 | 1.0.2 | 10.00 | ERROR | |||
r-oldrel-windows-x86_64 | 1.0.2 | 97.00 | 252.00 | 349.00 | NOTE |
Version: 1.0.2
Check: installed package size
Result: NOTE
installed size is 5.1Mb
sub-directories of 1Mb or more:
doc 1.2Mb
extdata 3.3Mb
Flavors: r-devel-linux-x86_64-fedora-clang, r-prerel-windows-x86_64, r-release-windows-x86_64, r-oldrel-windows-x86_64
Version: 1.0.2
Check: package dependencies
Result: ERROR
Package required but not available: ‘mixAK’
See section ‘The DESCRIPTION file’ in the ‘Writing R Extensions’
manual.
Flavors: r-prerel-macos-arm64, r-prerel-macos-x86_64, r-release-macos-arm64, r-release-macos-x86_64, r-oldrel-macos-arm64