Last updated on 2024-03-27 23:59:38 CET.
Flavor | Version | Tinstall | Tcheck | Ttotal | Status | Flags |
---|---|---|---|---|---|---|
r-devel-linux-x86_64-debian-clang | 1.00 | 2.49 | 44.04 | 46.53 | NOTE | |
r-devel-linux-x86_64-debian-gcc | 1.00 | 2.70 | 32.70 | 35.40 | NOTE | |
r-devel-linux-x86_64-fedora-clang | 1.00 | 58.76 | NOTE | |||
r-devel-linux-x86_64-fedora-gcc | 1.00 | 84.70 | NOTE | |||
r-devel-windows-x86_64 | 1.00 | 4.00 | 54.00 | 58.00 | NOTE | |
r-patched-linux-x86_64 | 1.00 | 3.94 | 41.11 | 45.05 | NOTE | |
r-release-linux-x86_64 | 1.00 | 2.96 | 41.71 | 44.67 | NOTE | |
r-release-macos-arm64 | 1.00 | 32.00 | NOTE | |||
r-release-macos-x86_64 | 1.00 | 44.00 | NOTE | |||
r-release-windows-x86_64 | 1.00 | 5.00 | 57.00 | 62.00 | NOTE | |
r-oldrel-macos-arm64 | 1.00 | 30.00 | NOTE | |||
r-oldrel-windows-x86_64 | 1.00 | 5.00 | 62.00 | 67.00 | NOTE |
Version: 1.00
Check: LazyData
Result: NOTE
'LazyData' is specified without a 'data' directory
Flavors: r-devel-linux-x86_64-debian-clang, r-devel-linux-x86_64-debian-gcc, r-devel-linux-x86_64-fedora-clang, r-devel-linux-x86_64-fedora-gcc, r-devel-windows-x86_64, r-patched-linux-x86_64, r-release-linux-x86_64, r-release-macos-arm64, r-release-macos-x86_64, r-release-windows-x86_64, r-oldrel-macos-arm64, r-oldrel-windows-x86_64
Version: 1.00
Check: dependencies in R code
Result: NOTE
Namespaces in Imports field not imported from:
‘coda’ ‘knitr’ ‘plyr’
All declared Imports should be used.
Flavors: r-devel-linux-x86_64-fedora-clang, r-devel-linux-x86_64-fedora-gcc, r-oldrel-macos-arm64