CRAN Package Check Results for Package BCT

Last updated on 2023-06-02 18:52:39 CEST.

Flavor Version Tinstall Tcheck Ttotal Status Flags
r-devel-linux-x86_64-debian-clang 1.2 32.56 38.65 71.21 NOTE
r-devel-linux-x86_64-debian-gcc 1.2 25.98 30.25 56.23 NOTE
r-devel-linux-x86_64-fedora-clang 1.2 98.79 NOTE
r-devel-linux-x86_64-fedora-gcc 1.2 106.57 NOTE
r-devel-windows-x86_64 1.2 27.00 75.00 102.00 NOTE
r-patched-linux-x86_64 1.2 NOTE
r-release-linux-x86_64 1.2 29.25 38.08 67.33 NOTE
r-release-macos-arm64 1.2 33.00 NOTE
r-release-macos-x86_64 1.2 46.00 NOTE
r-release-windows-x86_64 1.2 30.00 83.00 113.00 NOTE
r-oldrel-macos-arm64 1.2 31.00 OK
r-oldrel-macos-x86_64 1.2 41.00 OK
r-oldrel-windows-x86_64 1.2 28.00 78.00 106.00 OK

Check Details

Version: 1.2
Check: C++ specification
Result: NOTE
     Specified C++11: please drop specification unless essential
Flavors: r-devel-linux-x86_64-debian-clang, r-devel-linux-x86_64-debian-gcc, r-devel-linux-x86_64-fedora-clang, r-devel-linux-x86_64-fedora-gcc, r-devel-windows-x86_64, r-patched-linux-x86_64, r-release-linux-x86_64, r-release-macos-arm64, r-release-macos-x86_64, r-release-windows-x86_64