Last updated on 2023-12-04 16:53:20 CET.
Flavor | Version | Tinstall | Tcheck | Ttotal | Status | Flags |
---|---|---|---|---|---|---|
r-devel-linux-x86_64-debian-clang | 1.2 | 32.57 | 38.39 | 70.96 | NOTE | |
r-devel-linux-x86_64-debian-gcc | 1.2 | 25.56 | 29.81 | 55.37 | NOTE | |
r-devel-linux-x86_64-fedora-clang | 1.2 | 97.04 | NOTE | |||
r-devel-linux-x86_64-fedora-gcc | 1.2 | 95.90 | NOTE | |||
r-devel-windows-x86_64 | 1.2 | 25.00 | 74.00 | 99.00 | NOTE | |
r-patched-linux-x86_64 | 1.2 | 27.35 | 38.48 | 65.83 | NOTE | |
r-release-linux-x86_64 | 1.2 | 26.53 | 38.41 | 64.94 | NOTE | |
r-release-macos-arm64 | 1.2 | 33.00 | NOTE | |||
r-release-macos-x86_64 | 1.2 | 46.00 | NOTE | |||
r-release-windows-x86_64 | 1.2 | 32.00 | 79.00 | 111.00 | NOTE | |
r-oldrel-macos-arm64 | 1.2 | 31.00 | OK | |||
r-oldrel-macos-x86_64 | 1.2 | 41.00 | OK | |||
r-oldrel-windows-x86_64 | 1.2 | 31.00 | 77.00 | 108.00 | OK |
Version: 1.2
Check: C++ specification
Result: NOTE
Specified C++11: please drop specification unless essential
Flavors: r-devel-linux-x86_64-debian-clang, r-devel-linux-x86_64-debian-gcc, r-devel-linux-x86_64-fedora-clang, r-devel-linux-x86_64-fedora-gcc, r-devel-windows-x86_64, r-patched-linux-x86_64, r-release-linux-x86_64, r-release-macos-arm64, r-release-macos-x86_64, r-release-windows-x86_64
Version: 1.2
Check: Rd files
Result: NOTE
checkRd: (-1) gene_s.Rd:17: Lost braces; missing escapes or markup?
17 | giving the virus access to the cell and thus facilitating the COVID-19 disease. The gene sequence is mapped to the alphabet {0,1,2,3} via the obvious map A->0, C->1, G->2, T->3.
| ^
checkRd: (-1) sars_cov_2.Rd:16: Lost braces; missing escapes or markup?
16 | It consists of n = 29903 base pairs. The gene sequence is mapped to the alphabet {0,1,2,3} via the obvious map A->0, C->1, G->2, T->3.
| ^
Flavors: r-devel-linux-x86_64-debian-clang, r-devel-linux-x86_64-debian-gcc