Last updated on 2023-06-02 18:52:39 CEST.
Flavor | Version | Tinstall | Tcheck | Ttotal | Status | Flags |
---|---|---|---|---|---|---|
r-devel-linux-x86_64-debian-clang | 0.1.3 | 40.71 | 90.71 | 131.42 | NOTE | |
r-devel-linux-x86_64-debian-gcc | 0.1.3 | 38.12 | 70.30 | 108.42 | NOTE | |
r-devel-linux-x86_64-fedora-clang | 0.1.3 | 184.39 | NOTE | |||
r-devel-linux-x86_64-fedora-gcc | 0.1.3 | 324.55 | NOTE | |||
r-devel-windows-x86_64 | 0.1.3 | 39.00 | 105.00 | 144.00 | NOTE | |
r-patched-linux-x86_64 | 0.1.3 | NOTE | ||||
r-release-linux-x86_64 | 0.1.3 | 37.16 | 88.06 | 125.22 | NOTE | |
r-release-macos-arm64 | 0.1.3 | 84.00 | NOTE | |||
r-release-macos-x86_64 | 0.1.3 | 138.00 | NOTE | |||
r-release-windows-x86_64 | 0.1.3 | 48.00 | 125.00 | 173.00 | NOTE | |
r-oldrel-macos-arm64 | 0.1.3 | 71.00 | OK | |||
r-oldrel-macos-x86_64 | 0.1.3 | 119.00 | OK | |||
r-oldrel-windows-x86_64 | 0.1.3 | 47.00 | 121.00 | 168.00 | OK |
Version: 0.1.3
Check: C++ specification
Result: NOTE
Specified C++11: please drop specification unless essential
Flavors: r-devel-linux-x86_64-debian-clang, r-devel-linux-x86_64-debian-gcc, r-devel-linux-x86_64-fedora-clang, r-devel-linux-x86_64-fedora-gcc, r-devel-windows-x86_64, r-patched-linux-x86_64, r-release-linux-x86_64, r-release-macos-arm64, r-release-macos-x86_64, r-release-windows-x86_64