Last updated on 2024-03-27 23:59:38 CET.
Flavor | Version | Tinstall | Tcheck | Ttotal | Status | Flags |
---|---|---|---|---|---|---|
r-devel-linux-x86_64-debian-clang | 1.2.3 | 25.24 | 185.51 | 210.75 | OK | |
r-devel-linux-x86_64-debian-gcc | 1.2.3 | 22.44 | 133.20 | 155.64 | OK | |
r-devel-linux-x86_64-fedora-clang | 1.2.3 | 263.39 | NOTE | |||
r-devel-linux-x86_64-fedora-gcc | 1.2.3 | 281.13 | OK | |||
r-devel-windows-x86_64 | 1.2.3 | 26.00 | 136.00 | 162.00 | OK | |
r-patched-linux-x86_64 | 1.2.3 | 20.29 | 179.98 | 200.27 | OK | |
r-release-linux-x86_64 | 1.2.3 | 19.16 | 181.79 | 200.95 | OK | |
r-release-macos-arm64 | 1.2.3 | 80.00 | OK | |||
r-release-macos-x86_64 | 1.2.3 | 164.00 | OK | |||
r-release-windows-x86_64 | 1.2.3 | 35.00 | 172.00 | 207.00 | OK | |
r-oldrel-macos-arm64 | 1.2.3 | 81.00 | OK | |||
r-oldrel-windows-x86_64 | 1.2.3 | 34.00 | 173.00 | 207.00 | OK |
Version: 1.2.3
Check: installed package size
Result: NOTE
installed size is 8.1Mb
sub-directories of 1Mb or more:
libs 7.3Mb
Flavor: r-devel-linux-x86_64-fedora-clang