Last updated on 2024-04-24 00:55:36 CEST.
Flavor | Version | Tinstall | Tcheck | Ttotal | Status | Flags |
---|---|---|---|---|---|---|
r-devel-linux-x86_64-debian-clang | 2.1.1 | 107.68 | 304.53 | 412.21 | OK | |
r-devel-linux-x86_64-debian-gcc | 2.1.1 | 71.74 | 223.39 | 295.13 | OK | |
r-devel-linux-x86_64-fedora-clang | 2.1.1 | 518.74 | NOTE | |||
r-devel-linux-x86_64-fedora-gcc | 2.1.1 | 558.72 | OK | |||
r-prerel-macos-arm64 | 2.1.1 | 153.00 | NOTE | |||
r-prerel-macos-x86_64 | 2.1.1 | 255.00 | NOTE | |||
r-prerel-windows-x86_64 | 2.1.1 | 74.00 | 288.00 | 362.00 | NOTE | |
r-patched-linux-x86_64 | 2.1.1 | 96.64 | 295.96 | 392.60 | OK | |
r-release-linux-x86_64 | 2.1.1 | 98.32 | 298.93 | 397.25 | OK | |
r-release-macos-arm64 | 2.1.1 | 141.00 | NOTE | |||
r-release-macos-x86_64 | 2.1.1 | 199.00 | NOTE | |||
r-release-windows-x86_64 | 2.1.1 | 92.00 | 339.00 | 431.00 | NOTE | |
r-oldrel-macos-arm64 | 2.0.4 | 119.00 | NOTE |
Version: 2.1.1
Check: installed package size
Result: NOTE
installed size is 6.2Mb
sub-directories of 1Mb or more:
doc 3.4Mb
help 1.1Mb
Flavors: r-devel-linux-x86_64-fedora-clang, r-prerel-macos-arm64, r-prerel-macos-x86_64, r-prerel-windows-x86_64, r-release-macos-arm64, r-release-macos-x86_64, r-release-windows-x86_64
Version: 2.0.4
Check: installed package size
Result: NOTE
installed size is 13.1Mb
sub-directories of 1Mb or more:
doc 3.8Mb
help 1.1Mb
libs 7.5Mb
Flavor: r-oldrel-macos-arm64