Last updated on 2023-04-02 09:56:15 CEST.
Flavor | Version | Tinstall | Tcheck | Ttotal | Status | Flags |
---|---|---|---|---|---|---|
r-devel-linux-x86_64-debian-clang | 1.81.0-1 | 32.37 | 45.46 | 77.83 | OK | |
r-devel-linux-x86_64-debian-gcc | 1.81.0-1 | 18.03 | 34.38 | 52.41 | OK | |
r-devel-linux-x86_64-fedora-clang | 1.81.0-1 | 68.56 | NOTE | |||
r-devel-linux-x86_64-fedora-gcc | 1.81.0-1 | 68.20 | OK | |||
r-devel-windows-x86_64 | 1.81.0-1 | 310.00 | 291.00 | 601.00 | NOTE | |
r-patched-linux-x86_64 | 1.81.0-1 | 29.24 | 44.59 | 73.83 | OK | |
r-release-linux-x86_64 | 1.81.0-1 | 31.25 | 44.59 | 75.84 | OK | |
r-release-macos-arm64 | 1.81.0-1 | 66.00 | NOTE | |||
r-release-macos-x86_64 | 1.81.0-1 | 111.00 | NOTE | |||
r-release-windows-x86_64 | 1.81.0-1 | 509.00 | 259.00 | 768.00 | NOTE | |
r-oldrel-macos-arm64 | 1.81.0-1 | 51.00 | NOTE | |||
r-oldrel-macos-x86_64 | 1.81.0-1 | 110.00 | NOTE | |||
r-oldrel-windows-ix86+x86_64 | 1.81.0-1 | 95.00 | 77.00 | 172.00 | NOTE |
Version: 1.81.0-1
Check: installed package size
Result: NOTE
installed size is 155.7Mb
sub-directories of 1Mb or more:
include 155.6Mb
Flavors: r-devel-linux-x86_64-fedora-clang, r-devel-windows-x86_64, r-release-macos-arm64, r-release-macos-x86_64, r-release-windows-x86_64, r-oldrel-macos-arm64, r-oldrel-macos-x86_64, r-oldrel-windows-ix86+x86_64