Last updated on 2024-04-24 00:55:36 CEST.
Flavor | Version | Tinstall | Tcheck | Ttotal | Status | Flags |
---|---|---|---|---|---|---|
r-devel-linux-x86_64-debian-clang | 3.1.1 | 51.15 | 69.66 | 120.81 | NOTE | |
r-devel-linux-x86_64-debian-gcc | 3.1.1 | 43.12 | 48.82 | 91.94 | NOTE | |
r-devel-linux-x86_64-fedora-clang | 3.1.1 | 163.22 | NOTE | |||
r-devel-linux-x86_64-fedora-gcc | 3.1.1 | 188.24 | NOTE | |||
r-prerel-macos-arm64 | 3.1.1 | 57.00 | NOTE | |||
r-prerel-windows-x86_64 | 3.1.1 | 45.00 | 145.00 | 190.00 | NOTE | |
r-patched-linux-x86_64 | 3.1.1 | 52.55 | 61.61 | 114.16 | NOTE | |
r-release-linux-x86_64 | 3.1.1 | 50.79 | 60.49 | 111.28 | NOTE | |
r-release-macos-arm64 | 3.1.1 | 67.00 | NOTE | |||
r-release-macos-x86_64 | 3.1.1 | 103.00 | NOTE | |||
r-release-windows-x86_64 | 3.1.1 | 53.00 | 124.00 | 177.00 | NOTE | |
r-oldrel-macos-arm64 | 3.1.1 | 62.00 | NOTE | |||
r-oldrel-windows-x86_64 | 3.1.1 | 51.00 | 122.00 | 173.00 | OK |
Version: 3.1.1
Check: C++ specification
Result: NOTE
Specified C++11: please drop specification unless essential
Flavors: r-devel-linux-x86_64-debian-clang, r-devel-linux-x86_64-debian-gcc, r-devel-linux-x86_64-fedora-clang, r-devel-linux-x86_64-fedora-gcc, r-prerel-macos-arm64, r-prerel-windows-x86_64, r-patched-linux-x86_64, r-release-linux-x86_64, r-release-macos-arm64, r-release-macos-x86_64, r-release-windows-x86_64
Version: 3.1.1
Check: installed package size
Result: NOTE
installed size is 5.2Mb
sub-directories of 1Mb or more:
libs 4.5Mb
Flavors: r-prerel-macos-arm64, r-release-macos-arm64, r-release-macos-x86_64, r-oldrel-macos-arm64