Last updated on 2023-06-05 16:54:49 CEST.
Flavor | Version | Tinstall | Tcheck | Ttotal | Status | Flags |
---|---|---|---|---|---|---|
r-devel-linux-x86_64-debian-clang | 3.4-15 | 173.83 | 108.56 | 282.39 | OK | |
r-devel-linux-x86_64-debian-gcc | 3.4-15 | 135.47 | 79.43 | 214.90 | OK | |
r-devel-linux-x86_64-fedora-clang | 3.4-15 | 388.10 | OK | |||
r-devel-linux-x86_64-fedora-gcc | 3.4-15 | 395.42 | OK | |||
r-devel-windows-x86_64 | 3.4-15 | 122.00 | 121.00 | 243.00 | OK | |
r-patched-linux-x86_64 | 3.4-15 | 134.70 | 100.22 | 234.92 | OK | |
r-release-linux-x86_64 | 3.4-15 | 112.92 | 100.04 | 212.96 | OK | |
r-release-macos-arm64 | 3.4-15 | 95.00 | NOTE | |||
r-release-macos-x86_64 | 3.4-15 | 175.00 | NOTE | |||
r-release-windows-x86_64 | 3.4-15 | 161.00 | 143.00 | 304.00 | OK | |
r-oldrel-macos-arm64 | 3.4-15 | 89.00 | NOTE | |||
r-oldrel-macos-x86_64 | 3.4-15 | 138.00 | NOTE | |||
r-oldrel-windows-x86_64 | 3.4-15 | 150.00 | 138.00 | 288.00 | OK |
Version: 3.4-15
Check: installed package size
Result: NOTE
installed size is 9.9Mb
sub-directories of 1Mb or more:
data 1.4Mb
libs 8.0Mb
Flavors: r-release-macos-arm64, r-release-macos-x86_64, r-oldrel-macos-arm64, r-oldrel-macos-x86_64