CRAN Package Check Results for Package BIGDAWG

Last updated on 2023-06-10 00:54:40 CEST.

Flavor Version Tinstall Tcheck Ttotal Status Flags
r-devel-linux-x86_64-debian-clang 3.0.3 28.86 79.21 108.07 OK
r-devel-linux-x86_64-debian-gcc 3.0.3 25.40 59.63 85.03 OK
r-devel-linux-x86_64-fedora-clang 3.0.3 136.92 NOTE
r-devel-linux-x86_64-fedora-gcc 3.0.3 147.89 NOTE
r-devel-windows-x86_64 3.0.3 30.00 82.00 112.00 OK
r-patched-linux-x86_64 3.0.3 26.45 73.44 99.89 OK
r-release-linux-x86_64 3.0.3 25.53 73.28 98.81 OK
r-release-macos-arm64 3.0.3 60.00 OK
r-release-macos-x86_64 3.0.3 82.00 OK
r-release-windows-x86_64 3.0.3 38.00 87.00 125.00 OK
r-oldrel-macos-arm64 3.0.3 53.00 NOTE
r-oldrel-macos-x86_64 3.0.3 75.00 NOTE
r-oldrel-windows-x86_64 3.0.3 39.00 80.00 119.00 OK

Check Details

Version: 3.0.3
Check: dependencies in R code
Result: NOTE
    Namespace in Imports field not imported from: ‘httr’
     All declared Imports should be used.
Flavors: r-devel-linux-x86_64-fedora-clang, r-devel-linux-x86_64-fedora-gcc, r-oldrel-macos-arm64, r-oldrel-macos-x86_64