CRAN Package Check Results for Package BIGDAWG

Last updated on 2021-11-27 04:55:38 CET.

Flavor Version Tinstall Tcheck Ttotal Status Flags
r-devel-linux-x86_64-debian-clang 3.0.3 OK
r-devel-linux-x86_64-debian-gcc 3.0.3 24.79 52.67 77.46 OK
r-devel-linux-x86_64-fedora-clang 3.0.3 135.80 NOTE
r-devel-linux-x86_64-fedora-gcc 3.0.3 130.27 NOTE
r-devel-windows-x86_64-new-UL 3.0.3 54.00 107.00 161.00 OK
r-devel-windows-x86_64-new-TK 3.0.3 NOTE
r-devel-windows-x86_64-old 3.0.3 46.00 76.00 122.00 OK
r-patched-linux-x86_64 3.0.3 25.61 67.22 92.83 OK
r-patched-solaris-x86 3.0.3 233.40 NOTE
r-release-linux-x86_64 3.0.3 OK
r-release-macos-arm64 3.0.3 NOTE
r-release-macos-x86_64 3.0.3 NOTE
r-release-windows-ix86+x86_64 3.0.3 57.00 85.00 142.00 OK
r-oldrel-macos-x86_64 3.0.3 NOTE
r-oldrel-windows-ix86+x86_64 3.0.3 58.00 101.00 159.00 OK

Check Details

Version: 3.0.3
Check: dependencies in R code
Result: NOTE
    Namespace in Imports field not imported from: ‘httr’
     All declared Imports should be used.
Flavors: r-devel-linux-x86_64-fedora-clang, r-devel-linux-x86_64-fedora-gcc, r-devel-windows-x86_64-new-TK, r-patched-solaris-x86, r-release-macos-arm64, r-release-macos-x86_64, r-oldrel-macos-x86_64