Last updated on 2024-03-28 23:55:01 CET.
Flavor | Version | Tinstall | Tcheck | Ttotal | Status | Flags |
---|---|---|---|---|---|---|
r-devel-linux-x86_64-debian-clang | 0.2.0 | 853.97 | 279.65 | 1133.62 | NOTE | |
r-devel-linux-x86_64-debian-gcc | 0.2.0 | 799.00 | 350.41 | 1149.41 | NOTE | |
r-devel-linux-x86_64-fedora-clang | 0.2.0 | 1424.02 | NOTE | |||
r-devel-linux-x86_64-fedora-gcc | 0.2.0 | 2066.47 | NOTE | |||
r-devel-windows-x86_64 | 0.2.0 | 688.00 | 343.00 | 1031.00 | NOTE | |
r-patched-linux-x86_64 | 0.2.0 | 665.92 | 432.90 | 1098.82 | NOTE | |
r-release-linux-x86_64 | 0.2.0 | 697.43 | 443.41 | 1140.84 | NOTE | |
r-release-macos-arm64 | 0.2.0 | 401.00 | NOTE | |||
r-release-macos-x86_64 | 0.2.0 | 625.00 | NOTE | |||
r-release-windows-x86_64 | 0.2.0 | 850.00 | 414.00 | 1264.00 | NOTE | |
r-oldrel-macos-arm64 | 0.2.0 | 316.00 | NOTE | |||
r-oldrel-windows-x86_64 | 0.2.0 | 848.00 | 382.00 | 1230.00 | NOTE |
Version: 0.2.0
Check: for GNU extensions in Makefiles
Result: NOTE
GNU make is a SystemRequirements.
Flavors: r-devel-linux-x86_64-debian-clang, r-devel-linux-x86_64-debian-gcc, r-devel-linux-x86_64-fedora-clang, r-devel-linux-x86_64-fedora-gcc, r-devel-windows-x86_64, r-patched-linux-x86_64, r-release-linux-x86_64, r-release-macos-arm64, r-release-macos-x86_64, r-release-windows-x86_64, r-oldrel-macos-arm64, r-oldrel-windows-x86_64
Version: 0.2.0
Check: installed package size
Result: NOTE
installed size is 7.7Mb
sub-directories of 1Mb or more:
libs 7.2Mb
Flavors: r-devel-linux-x86_64-fedora-clang, r-devel-windows-x86_64, r-release-macos-arm64, r-release-macos-x86_64, r-release-windows-x86_64, r-oldrel-macos-arm64, r-oldrel-windows-x86_64