CRAN Package Check Results for Package BIOMASS

Last updated on 2024-07-15 09:48:07 CEST.

Flavor Version Tinstall Tcheck Ttotal Status Flags
r-devel-linux-x86_64-debian-clang 2.1.11 25.19 330.42 355.61 ERROR
r-devel-linux-x86_64-debian-gcc 2.1.11 22.68 239.73 262.41 OK
r-devel-linux-x86_64-fedora-clang 2.1.11 453.19 OK
r-devel-linux-x86_64-fedora-gcc 2.1.11 429.92 OK
r-devel-windows-x86_64 2.1.11 23.00 210.00 233.00 OK --no-vignettes
r-patched-linux-x86_64 2.1.11 25.08 325.93 351.01 OK
r-release-linux-x86_64 2.1.11 26.03 317.47 343.50 OK
r-release-macos-arm64 2.1.11 141.00 OK
r-release-macos-x86_64 2.1.11 217.00 OK
r-release-windows-x86_64 2.1.11 23.00 216.00 239.00 OK --no-vignettes
r-oldrel-macos-arm64 2.1.11 180.00 OK
r-oldrel-macos-x86_64 2.1.11 392.00 OK
r-oldrel-windows-x86_64 2.1.11 33.00 264.00 297.00 OK --no-vignettes

Check Details

Version: 2.1.11
Check: re-building of vignette outputs
Result: ERROR Error(s) in re-building vignettes: ... --- re-building ‘BIOMASS.Rmd’ using rmarkdown Quitting from lines 54-57 [unnamed-chunk-5] (BIOMASS.Rmd) Error: processing vignette 'BIOMASS.Rmd' failed with diagnostics: object 'Name_submitted' not found --- failed re-building ‘BIOMASS.Rmd’ --- re-building ‘plot.Rmd’ using rmarkdown ** Processing: /home/hornik/tmp/R.check/r-devel-clang/Work/PKGS/BIOMASS.Rcheck/vign_test/BIOMASS/vignettes/plot_files/figure-html/unnamed-chunk-3-1.png 672x480 pixels, 8 bits/pixel, 256 colors in palette Reducing image to 8 bits/pixel, grayscale Input IDAT size = 6796 bytes Input file size = 7654 bytes Trying: zc = 9 zm = 8 zs = 0 f = 0 IDAT size = 5838 zc = 9 zm = 8 zs = 1 f = 0 IDAT size = 5831 zc = 1 zm = 8 zs = 2 f = 0 zc = 9 zm = 8 zs = 3 f = 0 zc = 9 zm = 8 zs = 0 f = 5 zc = 9 zm = 8 zs = 1 f = 5 zc = 1 zm = 8 zs = 2 f = 5 zc = 9 zm = 8 zs = 3 f = 5 Selecting parameters: zc = 9 zm = 8 zs = 1 f = 0 IDAT size = 5831 Output IDAT size = 5831 bytes (965 bytes decrease) Output file size = 5909 bytes (1745 bytes = 22.80% decrease) ** Processing: /home/hornik/tmp/R.check/r-devel-clang/Work/PKGS/BIOMASS.Rcheck/vign_test/BIOMASS/vignettes/plot_files/figure-html/unnamed-chunk-5-1.png 672x480 pixels, 3x8 bits/pixel, RGB Input IDAT size = 29640 bytes Input file size = 29754 bytes Trying: zc = 9 zm = 8 zs = 0 f = 0 IDAT size = 26993 zc = 9 zm = 8 zs = 1 f = 0 zc = 1 zm = 8 zs = 2 f = 0 zc = 9 zm = 8 zs = 3 f = 0 zc = 9 zm = 8 zs = 0 f = 5 IDAT size = 26270 zc = 9 zm = 8 zs = 1 f = 5 zc = 1 zm = 8 zs = 2 f = 5 zc = 9 zm = 8 zs = 3 f = 5 Selecting parameters: zc = 9 zm = 8 zs = 0 f = 5 IDAT size = 26270 Output IDAT size = 26270 bytes (3370 bytes decrease) Output file size = 26348 bytes (3406 bytes = 11.45% decrease) ** Processing: /home/hornik/tmp/R.check/r-devel-clang/Work/PKGS/BIOMASS.Rcheck/vign_test/BIOMASS/vignettes/plot_files/figure-html/unnamed-chunk-6-1.png 672x480 pixels, 8 bits/pixel, 255 colors in palette Reducing image to 8 bits/pixel, grayscale Input IDAT size = 6587 bytes Input file size = 7442 bytes Trying: zc = 9 zm = 8 zs = 0 f = 0 IDAT size = 5800 zc = 9 zm = 8 zs = 1 f = 0 IDAT size = 5745 zc = 1 zm = 8 zs = 2 f = 0 zc = 9 zm = 8 zs = 3 f = 0 zc = 9 zm = 8 zs = 0 f = 5 zc = 9 zm = 8 zs = 1 f = 5 zc = 1 zm = 8 zs = 2 f = 5 zc = 9 zm = 8 zs = 3 f = 5 Selecting parameters: zc = 9 zm = 8 zs = 1 f = 0 IDAT size = 5745 Output IDAT size = 5745 bytes (842 bytes decrease) Output file size = 5823 bytes (1619 bytes = 21.75% decrease) ** Processing: /home/hornik/tmp/R.check/r-devel-clang/Work/PKGS/BIOMASS.Rcheck/vign_test/BIOMASS/vignettes/plot_files/figure-html/unnamed-chunk-10-1.png 672x480 pixels, 3x8 bits/pixel, RGB Input IDAT size = 14899 bytes Input file size = 14989 bytes Trying: zc = 9 zm = 8 zs = 0 f = 0 zc = 9 zm = 8 zs = 1 f = 0 zc = 1 zm = 8 zs = 2 f = 0 zc = 9 zm = 8 zs = 3 f = 0 zc = 9 zm = 8 zs = 0 f = 5 IDAT size = 13532 zc = 9 zm = 8 zs = 1 f = 5 zc = 1 zm = 8 zs = 2 f = 5 zc = 9 zm = 8 zs = 3 f = 5 Selecting parameters: zc = 9 zm = 8 zs = 0 f = 5 IDAT size = 13532 Output IDAT size = 13532 bytes (1367 bytes decrease) Output file size = 13610 bytes (1379 bytes = 9.20% decrease) --- finished re-building ‘plot.Rmd’ SUMMARY: processing the following file failed: ‘BIOMASS.Rmd’ Error: Vignette re-building failed. Execution halted Flavor: r-devel-linux-x86_64-debian-clang