CRAN Package Check Results for Package BIS

Last updated on 2021-10-22 00:50:19 CEST.

Flavor Version Tinstall Tcheck Ttotal Status Flags
r-devel-linux-x86_64-debian-clang 0.2.1 2.10 33.57 35.67 NOTE
r-devel-linux-x86_64-debian-gcc 0.2.1 1.69 25.97 27.66 NOTE
r-devel-linux-x86_64-fedora-clang 0.2.1 50.43 NOTE
r-devel-linux-x86_64-fedora-gcc 0.2.1 41.00 NOTE
r-devel-windows-x86_64 0.2.1 5.00 57.00 62.00 NOTE
r-devel-windows-x86_64-gcc10-UCRT 0.2.1 NOTE
r-patched-linux-x86_64 0.2.1 1.26 20.94 22.20 ERROR
r-patched-solaris-x86 0.2.1 50.10 NOTE
r-release-linux-x86_64 0.2.1 2.04 31.61 33.65 NOTE
r-release-macos-arm64 0.2.1 NOTE
r-release-macos-x86_64 0.2.1 NOTE
r-release-windows-ix86+x86_64 0.2.1 10.00 51.00 61.00 NOTE
r-oldrel-macos-x86_64 0.2.1 OK
r-oldrel-windows-ix86+x86_64 0.2.1 5.00 53.00 58.00 NOTE

Check Details

Version: 0.2.1
Check: LazyData
Result: NOTE
     'LazyData' is specified without a 'data' directory
Flavors: r-devel-linux-x86_64-debian-clang, r-devel-linux-x86_64-debian-gcc, r-devel-linux-x86_64-fedora-clang, r-devel-linux-x86_64-fedora-gcc, r-devel-windows-x86_64, r-devel-windows-x86_64-gcc10-UCRT, r-patched-linux-x86_64, r-patched-solaris-x86, r-release-linux-x86_64, r-release-macos-arm64, r-release-macos-x86_64, r-release-windows-ix86+x86_64

Version: 0.2.1
Check: package vignettes
Result: NOTE
    Package vignette with placeholder title 'Vignette Title':
     'BIS.Rmd'
Flavors: r-devel-linux-x86_64-debian-clang, r-devel-linux-x86_64-debian-gcc, r-devel-windows-x86_64, r-patched-linux-x86_64, r-release-linux-x86_64, r-release-windows-ix86+x86_64, r-oldrel-windows-ix86+x86_64

Version: 0.2.1
Check: examples
Result: ERROR
    Running examples in ‘BIS-Ex.R’ failed
    The error most likely occurred in:
    
    > base::assign(".ptime", proc.time(), pos = "CheckExEnv")
    > ### Name: get_bis
    > ### Title: Download, parse, and read into memory a BIS data set
    > ### Aliases: get_bis
    >
    > ### ** Examples
    >
    > datasets <- get_datasets()
    Error in open.connection(x, "rb") :
     Timeout was reached: [www.bis.org] Connection timed out after 10000 milliseconds
    Calls: get_datasets -> <Anonymous> -> read_html.default
    Execution halted
Flavor: r-patched-linux-x86_64

Version: 0.2.1
Check: re-building of vignette outputs
Result: WARN
    Error(s) in re-building vignettes:
     ...
    --- re-building ‘BIS.Rmd’ using rmarkdown
    Quitting from lines 40-44 (BIS.Rmd)
    Error: processing vignette 'BIS.Rmd' failed with diagnostics:
    Timeout was reached: [www.bis.org] Connection timed out after 10000 milliseconds
    --- failed re-building ‘BIS.Rmd’
    
    SUMMARY: processing the following file failed:
     ‘BIS.Rmd’
    
    Error: Vignette re-building failed.
    Execution halted
Flavor: r-patched-linux-x86_64