CRAN Package Check Results for Package BMTME

Last updated on 2021-10-18 01:48:28 CEST.

Flavor Version Tinstall Tcheck Ttotal Status Flags
r-devel-linux-x86_64-debian-clang 1.0.19 34.59 55.78 90.37 OK --no-tests
r-devel-linux-x86_64-debian-gcc 1.0.19 28.04 41.90 69.94 OK --no-tests
r-devel-linux-x86_64-fedora-clang 1.0.19 132.99 OK --no-tests
r-devel-linux-x86_64-fedora-gcc 1.0.19 114.83 OK --no-tests
r-devel-windows-x86_64 1.0.19 51.00 124.00 175.00 OK
r-devel-windows-x86_64-gcc10-UCRT 1.0.19 ERROR
r-patched-linux-x86_64 1.0.19 31.81 52.37 84.18 OK --no-tests
r-patched-solaris-x86 1.0.19 194.10 OK
r-release-linux-x86_64 1.0.19 33.71 52.74 86.45 OK --no-tests
r-release-macos-arm64 1.0.19 OK
r-release-macos-x86_64 1.0.19 OK
r-release-windows-ix86+x86_64 1.0.19 79.00 179.00 258.00 OK
r-oldrel-macos-x86_64 1.0.19 OK
r-oldrel-windows-ix86+x86_64 1.0.19 95.00 184.00 279.00 OK

Check Details

Version: 1.0.19
Check: tests
Result: ERROR
     Running 'testthat.R'
    Running the tests in 'tests/testthat.R' failed.
    Complete output:
     > library(testthat)
     > library(BMTME)
     >
     > test_check("BMTME")
     ══ Failed tests ════════════════════════════════════════════════════════════════
     ── Error (test.R:152:5): BME function with Mada data ───────────────────────────
     Error in `Rmpi::mpi.comm.spawn(slave = mpitask, slavearg = args, nslaves = count,
     intercomm = intercomm)`: Internal MPI error!, error stack:
     MPI_Comm_spawn(cmd="C:/r_packages/rinst/bin/x64/Rscript.exe", argv=0x00000000176F8DC8, maxprocs=2, MPI_INFO_NULL, root=0, MPI_COMM_SELF, intercomm=0x0000000011B50128, errors=0x0000000011BEFAF0) failed
     Internal MPI error! FAILspawn not supported without process manager
     Backtrace:
     █
     1. └─BMTME::BME(...) test.R:152:4
     2. └─snow::makeCluster(parallelCores)
     3. └─snow::makeMPIcluster(spec, ...)
     4. └─Rmpi::mpi.comm.spawn(...)
     ── Error (test.R:264:5): BMTME function with Iranian data ──────────────────────
     Error in `Rmpi::mpi.comm.spawn(slave = mpitask, slavearg = args, nslaves = count,
     intercomm = intercomm)`: Internal MPI error!, error stack:
     MPI_Comm_spawn(cmd="C:/r_packages/rinst/bin/x64/Rscript.exe", argv=0x000000001824D258, maxprocs=2, MPI_INFO_NULL, root=0, MPI_COMM_SELF, intercomm=0x0000000011B50128, errors=0x0000000011BEFBC0) failed
     Internal MPI error! FAILspawn not supported without process manager
     Backtrace:
     █
     1. └─BMTME::BMTME(...) test.R:264:4
     2. └─snow::makeCluster(parallelCores)
     3. └─snow::makeMPIcluster(spec, ...)
     4. └─Rmpi::mpi.comm.spawn(...)
     ── Error (test.R:347:5): BMORS function with Wheat full data ───────────────────
     Error in `Rmpi::mpi.comm.spawn(slave = mpitask, slavearg = args, nslaves = count,
     intercomm = intercomm)`: Internal MPI error!, error stack:
     MPI_Comm_spawn(cmd="C:/r_packages/rinst/bin/x64/Rscript.exe", argv=0x0000000015144EC8, maxprocs=2, MPI_INFO_NULL, root=0, MPI_COMM_SELF, intercomm=0x0000000011B50128, errors=0x0000000011BEFB20) failed
     Internal MPI error! FAILspawn not supported without process manager
     Backtrace:
     █
     1. └─BMTME::BMORS(...) test.R:347:4
     2. └─snow::makeCluster(parallelCores)
     3. └─snow::makeMPIcluster(spec, ...)
     4. └─Rmpi::mpi.comm.spawn(...)
    
     [ FAIL 3 | WARN 0 | SKIP 0 | PASS 148 ]
     Error: Test failures
     Execution halted
Flavor: r-devel-windows-x86_64-gcc10-UCRT