Last updated on 2024-03-28 23:55:02 CET.
Flavor | Version | Tinstall | Tcheck | Ttotal | Status | Flags |
---|---|---|---|---|---|---|
r-devel-linux-x86_64-debian-clang | 3.2.5 | 51.65 | 136.05 | 187.70 | OK | |
r-devel-linux-x86_64-debian-gcc | 3.2.5 | 41.57 | 100.53 | 142.10 | OK | |
r-devel-linux-x86_64-fedora-clang | 3.2.5 | 254.59 | OK | |||
r-devel-linux-x86_64-fedora-gcc | 3.2.5 | 251.06 | OK | |||
r-devel-windows-x86_64 | 3.2.5 | 48.00 | 140.00 | 188.00 | NOTE | |
r-patched-linux-x86_64 | 3.2.5 | 53.81 | 128.53 | 182.34 | OK | |
r-release-linux-x86_64 | 3.2.5 | 61.90 | 131.72 | 193.62 | OK | |
r-release-macos-arm64 | 3.2.5 | 70.00 | OK | |||
r-release-macos-x86_64 | 3.2.5 | 117.00 | OK | |||
r-release-windows-x86_64 | 3.2.5 | 62.00 | 171.00 | 233.00 | NOTE | |
r-oldrel-macos-arm64 | 3.2.5 | 66.00 | OK | |||
r-oldrel-windows-x86_64 | 3.2.5 | 63.00 | 156.00 | 219.00 | OK |
Version: 3.2.5
Check: C++ specification
Result: NOTE
Specified C++11: please drop specification unless essential
Flavors: r-devel-windows-x86_64, r-release-windows-x86_64