Last updated on 2023-05-28 23:13:54 CEST.
Flavor | Version | Tinstall | Tcheck | Ttotal | Status | Flags |
---|---|---|---|---|---|---|
r-devel-linux-x86_64-debian-clang | 1.0.5 | 50.44 | 168.22 | 218.66 | NOTE | |
r-devel-linux-x86_64-debian-gcc | 1.0.5 | 41.76 | 127.71 | 169.47 | NOTE | |
r-devel-linux-x86_64-fedora-clang | 1.0.5 | 281.54 | NOTE | |||
r-devel-linux-x86_64-fedora-gcc | 1.0.5 | 321.54 | NOTE | |||
r-devel-windows-x86_64 | 1.0.5 | 41.00 | 149.00 | 190.00 | NOTE | |
r-patched-linux-x86_64 | 1.0.5 | 41.50 | 162.12 | 203.62 | NOTE | |
r-release-linux-x86_64 | 1.0.5 | 41.89 | 157.22 | 199.11 | NOTE | |
r-release-macos-arm64 | 1.0.5 | 91.00 | NOTE | |||
r-release-macos-x86_64 | 1.0.5 | 141.00 | NOTE | |||
r-release-windows-x86_64 | 1.0.5 | 56.00 | 194.00 | 250.00 | NOTE | |
r-oldrel-macos-arm64 | 1.0.5 | 73.00 | NOTE | |||
r-oldrel-macos-x86_64 | 1.0.5 | 101.00 | NOTE | |||
r-oldrel-windows-x86_64 | 1.0.5 | 53.00 | 176.00 | 229.00 | NOTE |
Version: 1.0.5
Check: C++ specification
Result: NOTE
Specified C++11: please drop specification unless essential
Flavors: r-devel-linux-x86_64-debian-clang, r-devel-linux-x86_64-debian-gcc, r-devel-linux-x86_64-fedora-clang, r-devel-linux-x86_64-fedora-gcc, r-devel-windows-x86_64, r-patched-linux-x86_64, r-release-linux-x86_64, r-release-macos-arm64, r-release-macos-x86_64, r-release-windows-x86_64
Version: 1.0.5
Check: for GNU extensions in Makefiles
Result: NOTE
GNU make is a SystemRequirements.
Flavors: r-devel-linux-x86_64-debian-clang, r-devel-linux-x86_64-debian-gcc, r-devel-linux-x86_64-fedora-clang, r-devel-linux-x86_64-fedora-gcc, r-devel-windows-x86_64, r-patched-linux-x86_64, r-release-linux-x86_64, r-release-macos-arm64, r-release-macos-x86_64, r-release-windows-x86_64, r-oldrel-macos-arm64, r-oldrel-macos-x86_64, r-oldrel-windows-x86_64