Last updated on 2024-04-19 01:04:26 CEST.
Flavor | Version | Tinstall | Tcheck | Ttotal | Status | Flags |
---|---|---|---|---|---|---|
r-devel-linux-x86_64-debian-clang | 2024.4.1 | 10.35 | 110.92 | 121.27 | OK | |
r-devel-linux-x86_64-debian-gcc | 2024.4.1 | 10.70 | 80.36 | 91.06 | OK | |
r-devel-linux-x86_64-fedora-clang | 2024.4.1 | 153.92 | NOTE | |||
r-devel-linux-x86_64-fedora-gcc | 2024.4.1 | 155.43 | OK | |||
r-prerel-macos-arm64 | 2024.4.1 | 48.00 | NOTE | |||
r-prerel-macos-x86_64 | 2024.4.1 | 133.00 | NOTE | |||
r-prerel-windows-x86_64 | 2024.4.1 | 13.00 | 94.00 | 107.00 | NOTE | |
r-patched-linux-x86_64 | 2024.4.1 | 11.19 | 106.10 | 117.29 | OK | |
r-release-linux-x86_64 | 2024.4.1 | 8.11 | 105.84 | 113.95 | OK | |
r-release-macos-arm64 | 2024.4.1 | 54.00 | NOTE | |||
r-release-macos-x86_64 | 2024.4.1 | 106.00 | NOTE | |||
r-release-windows-x86_64 | 2024.4.1 | 17.00 | 107.00 | 124.00 | NOTE | |
r-oldrel-macos-arm64 | 2024.4.1 | 48.00 | NOTE | |||
r-oldrel-windows-x86_64 | 2024.4.1 | 18.00 | 110.00 | 128.00 | NOTE |
Version: 2024.4.1
Check: installed package size
Result: NOTE
installed size is 5.3Mb
sub-directories of 1Mb or more:
doc 4.9Mb
Flavors: r-devel-linux-x86_64-fedora-clang, r-prerel-macos-arm64, r-prerel-macos-x86_64, r-prerel-windows-x86_64, r-release-macos-arm64, r-release-macos-x86_64, r-release-windows-x86_64, r-oldrel-macos-arm64, r-oldrel-windows-x86_64