Last updated on 2024-04-26 16:54:40 CEST.
Flavor | Version | Tinstall | Tcheck | Ttotal | Status | Flags |
---|---|---|---|---|---|---|
r-devel-linux-x86_64-debian-clang | 0.0.1 | 6.70 | 54.92 | 61.62 | NOTE | |
r-devel-linux-x86_64-debian-gcc | 0.0.1 | 5.05 | 40.51 | 45.56 | NOTE | |
r-devel-linux-x86_64-fedora-clang | 0.0.1 | 76.87 | NOTE | |||
r-devel-linux-x86_64-fedora-gcc | 0.0.1 | 72.41 | NOTE | |||
r-devel-windows-x86_64 | 0.0.1 | 6.00 | 59.00 | 65.00 | NOTE | |
r-patched-linux-x86_64 | 0.0.1 | 5.40 | 53.24 | 58.64 | NOTE | |
r-release-linux-x86_64 | 0.0.1 | 5.99 | 52.86 | 58.85 | NOTE | |
r-release-macos-arm64 | 0.0.1 | 25.00 | NOTE | |||
r-release-windows-x86_64 | 0.0.1 | 6.00 | 58.00 | 64.00 | NOTE | |
r-oldrel-macos-arm64 | 0.0.1 | 25.00 | NOTE | |||
r-oldrel-macos-x86_64 | 0.0.1 | 39.00 | NOTE | |||
r-oldrel-windows-x86_64 | 0.0.1 | 9.00 | 66.00 | 75.00 | NOTE |
Version: 0.0.1
Check: LazyData
Result: NOTE
'LazyData' is specified without a 'data' directory
Flavors: r-devel-linux-x86_64-debian-clang, r-devel-linux-x86_64-debian-gcc, r-devel-linux-x86_64-fedora-clang, r-devel-linux-x86_64-fedora-gcc, r-devel-windows-x86_64, r-patched-linux-x86_64, r-release-linux-x86_64, r-release-macos-arm64, r-release-windows-x86_64, r-oldrel-macos-arm64, r-oldrel-macos-x86_64, r-oldrel-windows-x86_64
Version: 0.0.1
Check: Rd cross-references
Result: NOTE
Undeclared package ‘tibble’ in Rd xrefs
Flavor: r-devel-linux-x86_64-fedora-clang