Last updated on 2024-04-25 16:49:15 CEST.
Flavor | Version | Tinstall | Tcheck | Ttotal | Status | Flags |
---|---|---|---|---|---|---|
r-devel-linux-x86_64-debian-clang | 0.9.0 | 6.97 | 99.70 | 106.67 | NOTE | |
r-devel-linux-x86_64-debian-gcc | 0.9.0 | 8.69 | 226.50 | 235.19 | OK | |
r-devel-linux-x86_64-fedora-clang | 0.9.0 | 412.64 | OK | |||
r-devel-linux-x86_64-fedora-gcc | 0.9.0 | 390.36 | OK | |||
r-devel-windows-x86_64 | 0.9.0 | 10.00 | 231.00 | 241.00 | OK | |
r-patched-linux-x86_64 | 0.9.0 | 14.74 | 306.61 | 321.35 | OK | |
r-release-linux-x86_64 | 0.9.0 | 9.59 | 297.69 | 307.28 | OK | |
r-release-macos-arm64 | 0.9.0 | 57.00 | NOTE | |||
r-release-windows-x86_64 | 0.9.0 | 10.00 | 237.00 | 247.00 | OK | |
r-oldrel-macos-arm64 | 0.9.0 | 62.00 | NOTE | |||
r-oldrel-macos-x86_64 | 0.9.0 | 103.00 | NOTE | |||
r-oldrel-windows-x86_64 | 0.9.0 | 13.00 | 299.00 | 312.00 | OK |
Version: 0.9.0
Check: package dependencies
Result: NOTE
Package suggested but not available for checking: ‘GSEABase’
Flavor: r-devel-linux-x86_64-debian-clang
Version: 0.9.0
Check: package dependencies
Result: NOTE
Package suggested but not available for checking: ‘reactome.db’
Flavors: r-release-macos-arm64, r-oldrel-macos-arm64, r-oldrel-macos-x86_64