CRAN Package Check Results for Package BatchJobs

Last updated on 2021-12-02 20:51:22 CET.

Flavor Version Tinstall Tcheck Ttotal Status Flags
r-devel-linux-x86_64-debian-clang 1.8 11.14 211.60 222.74 NOTE
r-devel-linux-x86_64-debian-gcc 1.8 8.58 179.50 188.08 NOTE
r-devel-linux-x86_64-fedora-clang 1.8 280.32 NOTE
r-devel-linux-x86_64-fedora-gcc 1.8 285.24 NOTE
r-devel-windows-x86_64-new-UL 1.8 29.00 387.00 416.00 NOTE
r-devel-windows-x86_64-new-TK 1.8 NOTE
r-devel-windows-x86_64-old 1.8 16.00 208.00 224.00 NOTE
r-patched-linux-x86_64 1.8 13.27 204.01 217.28 NOTE
r-patched-solaris-x86 1.8 441.50 NOTE
r-release-linux-x86_64 1.8 8.93 206.11 215.04 NOTE
r-release-macos-arm64 1.8 NOTE
r-release-macos-x86_64 1.8 NOTE
r-release-windows-ix86+x86_64 1.8 20.00 274.00 294.00 NOTE
r-oldrel-macos-x86_64 1.8 OK
r-oldrel-windows-ix86+x86_64 1.8 20.00 270.00 290.00 OK

Check Details

Version: 1.8
Check: LazyData
Result: NOTE
     'LazyData' is specified without a 'data' directory
Flavors: r-devel-linux-x86_64-debian-clang, r-devel-linux-x86_64-debian-gcc, r-devel-linux-x86_64-fedora-clang, r-devel-linux-x86_64-fedora-gcc, r-devel-windows-x86_64-new-UL, r-devel-windows-x86_64-new-TK, r-devel-windows-x86_64-old, r-patched-linux-x86_64, r-patched-solaris-x86, r-release-linux-x86_64, r-release-macos-arm64, r-release-macos-x86_64, r-release-windows-ix86+x86_64