Last updated on 2023-12-09 08:49:36 CET.
Flavor | Version | Tinstall | Tcheck | Ttotal | Status | Flags |
---|---|---|---|---|---|---|
r-devel-linux-x86_64-debian-clang | 0.1 | 107.64 | 37.55 | 145.19 | NOTE | |
r-devel-linux-x86_64-debian-gcc | 0.1 | 71.28 | 28.66 | 99.94 | NOTE | |
r-devel-linux-x86_64-fedora-clang | 0.1 | 209.96 | OK | |||
r-devel-linux-x86_64-fedora-gcc | 0.1 | 212.22 | OK | |||
r-devel-windows-x86_64 | 0.1 | 76.00 | 71.00 | 147.00 | OK | |
r-patched-linux-x86_64 | 0.1 | 81.55 | 36.71 | 118.26 | OK | |
r-release-linux-x86_64 | 0.1 | 84.28 | 37.03 | 121.31 | OK | |
r-release-macos-arm64 | 0.1 | 52.00 | OK | |||
r-release-macos-x86_64 | 0.1 | 65.00 | OK | |||
r-release-windows-x86_64 | 0.1 | 99.00 | 81.00 | 180.00 | OK | |
r-oldrel-macos-arm64 | 0.1 | 53.00 | OK | |||
r-oldrel-macos-x86_64 | 0.1 | 61.00 | OK | |||
r-oldrel-windows-x86_64 | 0.1 | 92.00 | 76.00 | 168.00 | OK |
Version: 0.1
Check: Rd files
Result: NOTE
checkRd: (-1) Bayenet.Rd:51: Lost braces; missing escapes or markup?
51 | When {penalty="elastic net"} (default), the elastic net penalty is adopted. If {penalty="lasso"}, the lasso penalty is used.
| ^
checkRd: (-1) Bayenet.Rd:51: Lost braces; missing escapes or markup?
51 | When {penalty="elastic net"} (default), the elastic net penalty is adopted. If {penalty="lasso"}, the lasso penalty is used.
| ^
checkRd: (-1) Bayenet.Rd:53: Lost braces; missing escapes or markup?
53 | When {sparse=TRUE} (default), spike--and--slab priors are imposed to identify important main and interaction effects. If {sparse=FALSE}, Laplacian shrinkage will be used.
| ^
checkRd: (-1) Bayenet.Rd:53: Lost braces; missing escapes or markup?
53 | When {sparse=TRUE} (default), spike--and--slab priors are imposed to identify important main and interaction effects. If {sparse=FALSE}, Laplacian shrinkage will be used.
| ^
checkRd: (-1) Bayenet.Rd:55: Lost braces; missing escapes or markup?
55 | When {robust=TRUE} (default), the distribution of \eqn{\epsilon_{i}} is defined as a Laplace distribution with density
| ^
checkRd: (-1) Bayenet.Rd:58: Lost braces; missing escapes or markup?
58 | }, (\eqn{i=1,\dots,n}), which leads to a Bayesian formulation of LAD regression. If {robust=FALSE}, \eqn{\epsilon_{i}} follows a normal distribution.
| ^
Flavors: r-devel-linux-x86_64-debian-clang, r-devel-linux-x86_64-debian-gcc