CRAN Package Check Results for Package BayesBinMix

Last updated on 2024-06-24 00:50:03 CEST.

Flavor Version Tinstall Tcheck Ttotal Status Flags
r-devel-linux-x86_64-debian-clang 1.4.1 6.38 39.98 46.36 NOTE
r-devel-linux-x86_64-debian-gcc 1.4.1 5.02 29.65 34.67 NOTE
r-devel-linux-x86_64-fedora-clang 1.4.1 58.23 NOTE
r-devel-linux-x86_64-fedora-gcc 1.4.1 56.40 NOTE
r-devel-windows-x86_64 1.4.1 6.00 49.00 55.00 NOTE
r-patched-linux-x86_64 1.4.1 5.98 39.03 45.01 NOTE
r-release-linux-x86_64 1.4.1 4.51 38.72 43.23 NOTE
r-release-macos-arm64 1.4.1 22.00 NOTE
r-release-macos-x86_64 1.4.1 28.00 NOTE
r-release-windows-x86_64 1.4.1 7.00 50.00 57.00 NOTE
r-oldrel-macos-arm64 1.4.1 22.00 OK
r-oldrel-macos-x86_64 1.4.1 28.00 OK
r-oldrel-windows-x86_64 1.4.1 9.00 56.00 65.00 OK

Check Details

Version: 1.4.1
Check: Rd files
Result: NOTE checkRd: (-1) coupledMetropolis.Rd:83-85: Lost braces in \itemize; meant \describe ? checkRd: (-1) coupledMetropolis.Rd:86-88: Lost braces in \itemize; meant \describe ? checkRd: (-1) coupledMetropolis.Rd:89-91: Lost braces in \itemize; meant \describe ? checkRd: (-1) coupledMetropolis.Rd:92-94: Lost braces in \itemize; meant \describe ? checkRd: (-1) coupledMetropolis.Rd:95-97: Lost braces in \itemize; meant \describe ? checkRd: (-1) coupledMetropolis.Rd:98-100: Lost braces in \itemize; meant \describe ? checkRd: (-1) coupledMetropolis.Rd:101-103: Lost braces in \itemize; meant \describe ? checkRd: (-1) coupledMetropolis.Rd:104-106: Lost braces in \itemize; meant \describe ? checkRd: (-1) coupledMetropolis.Rd:107-109: Lost braces in \itemize; meant \describe ? checkRd: (-1) coupledMetropolis.Rd:110-112: Lost braces in \itemize; meant \describe ? checkRd: (-1) coupledMetropolis.Rd:113-115: Lost braces in \itemize; meant \describe ? checkRd: (-1) coupledMetropolis.Rd:116-118: Lost braces in \itemize; meant \describe ? checkRd: (-1) coupledMetropolis.Rd:119-121: Lost braces in \itemize; meant \describe ? checkRd: (-1) coupledMetropolis.Rd:122-124: Lost braces in \itemize; meant \describe ? checkRd: (-1) coupledMetropolis.Rd:125-127: Lost braces in \itemize; meant \describe ? Flavors: r-devel-linux-x86_64-debian-clang, r-devel-linux-x86_64-debian-gcc, r-devel-linux-x86_64-fedora-clang, r-devel-linux-x86_64-fedora-gcc, r-devel-windows-x86_64, r-patched-linux-x86_64, r-release-linux-x86_64, r-release-macos-arm64, r-release-macos-x86_64, r-release-windows-x86_64