Last updated on 2024-04-18 16:49:48 CEST.
Flavor | Version | Tinstall | Tcheck | Ttotal | Status | Flags |
---|---|---|---|---|---|---|
r-devel-linux-x86_64-debian-clang | 2012.04-1 | 1.70 | 26.00 | 27.70 | NOTE | |
r-devel-linux-x86_64-debian-gcc | 2012.04-1 | 1.15 | 20.06 | 21.21 | NOTE | |
r-devel-linux-x86_64-fedora-clang | 2012.04-1 | 35.41 | NOTE | |||
r-devel-linux-x86_64-fedora-gcc | 2012.04-1 | 34.39 | NOTE | |||
r-prerel-macos-arm64 | 2012.04-1 | 16.00 | NOTE | |||
r-prerel-windows-x86_64 | 2012.04-1 | 2.00 | 48.00 | 50.00 | NOTE | |
r-patched-linux-x86_64 | 2012.04-1 | 1.63 | 24.37 | 26.00 | NOTE | |
r-release-linux-x86_64 | 2012.04-1 | 1.79 | 25.59 | 27.38 | NOTE | |
r-release-macos-arm64 | 2012.04-1 | 19.00 | NOTE | |||
r-release-macos-x86_64 | 2012.04-1 | 23.00 | NOTE | |||
r-release-windows-x86_64 | 2012.04-1 | 2.00 | 48.00 | 50.00 | NOTE | |
r-oldrel-macos-arm64 | 2012.04-1 | 19.00 | OK | |||
r-oldrel-windows-x86_64 | 2012.04-1 | 3.00 | 50.00 | 53.00 | OK |
Version: 2012.04-1
Check: Rd files
Result: NOTE
checkRd: (-1) dilution.Rd:13: Escaped LaTeX specials: \$
checkRd: (-1) dilution.Rd:15: Escaped LaTeX specials: \$
checkRd: (-1) dilution.Rd:16: Escaped LaTeX specials: \$
checkRd: (-1) dilution.Rd:17: Escaped LaTeX specials: \$
checkRd: (-1) personality.Rd:15: Escaped LaTeX specials: \$
checkRd: (-1) personality.Rd:16: Escaped LaTeX specials: \$
checkRd: (-1) personality.Rd:17: Escaped LaTeX specials: \$
Flavors: r-devel-linux-x86_64-debian-clang, r-devel-linux-x86_64-debian-gcc, r-devel-linux-x86_64-fedora-clang, r-devel-linux-x86_64-fedora-gcc, r-prerel-macos-arm64, r-prerel-windows-x86_64, r-patched-linux-x86_64, r-release-linux-x86_64, r-release-macos-arm64, r-release-macos-x86_64, r-release-windows-x86_64