CRAN Package Check Results for Package BayesESS

Last updated on 2022-08-15 16:54:23 CEST.

Flavor Version Tinstall Tcheck Ttotal Status Flags
r-devel-linux-x86_64-debian-clang 0.1.19 56.93 87.22 144.15 NOTE
r-devel-linux-x86_64-debian-gcc 0.1.19 44.61 68.68 113.29 NOTE
r-devel-linux-x86_64-fedora-clang 0.1.19 201.12 NOTE
r-devel-linux-x86_64-fedora-gcc 0.1.19 198.56 NOTE
r-devel-windows-x86_64 0.1.19 56.00 130.00 186.00 NOTE
r-patched-linux-x86_64 0.1.19 47.14 84.71 131.85 NOTE
r-release-linux-x86_64 0.1.19 49.63 85.59 135.22 NOTE
r-release-macos-arm64 0.1.19 69.00 NOTE
r-release-macos-x86_64 0.1.19 68.00 NOTE
r-release-windows-x86_64 0.1.19 52.00 125.00 177.00 NOTE
r-oldrel-macos-arm64 0.1.19 60.00 NOTE
r-oldrel-macos-x86_64 0.1.19 74.00 NOTE
r-oldrel-windows-ix86+x86_64 0.1.19 143.00 147.00 290.00 NOTE

Check Details

Version: 0.1.19
Check: LazyData
Result: NOTE
     'LazyData' is specified without a 'data' directory
Flavors: r-devel-linux-x86_64-debian-clang, r-devel-linux-x86_64-debian-gcc, r-devel-linux-x86_64-fedora-clang, r-devel-linux-x86_64-fedora-gcc, r-devel-windows-x86_64, r-patched-linux-x86_64, r-release-linux-x86_64, r-release-macos-arm64, r-release-macos-x86_64, r-release-windows-x86_64, r-oldrel-macos-arm64, r-oldrel-macos-x86_64, r-oldrel-windows-ix86+x86_64

Version: 0.1.19
Check: dependencies in R code
Result: NOTE
    Namespaces in Imports field not imported from:
     ‘MASS’ ‘MatrixModels’
     All declared Imports should be used.
Flavors: r-devel-linux-x86_64-fedora-clang, r-devel-linux-x86_64-fedora-gcc, r-release-macos-arm64, r-release-macos-x86_64, r-oldrel-macos-arm64, r-oldrel-macos-x86_64