Last updated on 2022-08-14 01:49:08 CEST.
Flavor | Version | Tinstall | Tcheck | Ttotal | Status | Flags |
---|---|---|---|---|---|---|
r-devel-linux-x86_64-debian-clang | 0.9.12-4.4 | 263.06 | 300.11 | 563.17 | OK | |
r-devel-linux-x86_64-debian-gcc | 0.9.12-4.4 | 213.39 | 220.32 | 433.71 | OK | |
r-devel-linux-x86_64-fedora-clang | 0.9.12-4.4 | 797.84 | NOTE | |||
r-devel-linux-x86_64-fedora-gcc | 0.9.12-4.4 | 725.96 | OK | |||
r-devel-windows-x86_64 | 0.9.12-4.4 | 341.00 | 351.00 | 692.00 | NOTE | |
r-patched-linux-x86_64 | 0.9.12-4.4 | 224.39 | 280.64 | 505.03 | OK | |
r-release-linux-x86_64 | 0.9.12-4.4 | 217.70 | 280.57 | 498.27 | OK | |
r-release-macos-arm64 | 0.9.12-4.4 | 183.00 | NOTE | |||
r-release-macos-x86_64 | 0.9.12-4.4 | 1324.00 | NOTE | |||
r-release-windows-x86_64 | 0.9.12-4.4 | 522.00 | 349.00 | 871.00 | NOTE | |
r-oldrel-macos-arm64 | 0.9.12-4.4 | 172.00 | NOTE | |||
r-oldrel-macos-x86_64 | 0.9.12-4.4 | 230.00 | NOTE | |||
r-oldrel-windows-ix86+x86_64 | 0.9.12-4.4 | 630.00 | 412.00 | 1042.00 | NOTE |
Version: 0.9.12-4.4
Check: installed package size
Result: NOTE
installed size is 15.4Mb
sub-directories of 1Mb or more:
doc 1.4Mb
libs 12.9Mb
Flavors: r-devel-linux-x86_64-fedora-clang, r-release-macos-arm64, r-release-macos-x86_64, r-oldrel-macos-arm64, r-oldrel-macos-x86_64, r-oldrel-windows-ix86+x86_64
Version: 0.9.12-4.4
Check: package dependencies
Result: NOTE
Package suggested but not available for checking: 'doMC'
Flavors: r-devel-windows-x86_64, r-release-windows-x86_64, r-oldrel-windows-ix86+x86_64