Last updated on 2024-03-28 23:55:01 CET.
Flavor | Version | Tinstall | Tcheck | Ttotal | Status | Flags |
---|---|---|---|---|---|---|
r-devel-linux-x86_64-debian-clang | 5.2 | 9.53 | 512.18 | 521.71 | NOTE | |
r-devel-linux-x86_64-debian-gcc | 5.2 | 6.88 | 344.52 | 351.40 | NOTE | |
r-devel-linux-x86_64-fedora-clang | 5.2 | 627.52 | NOTE | |||
r-devel-linux-x86_64-fedora-gcc | 5.2 | 735.72 | NOTE | |||
r-devel-windows-x86_64 | 5.2 | 8.00 | 371.00 | 379.00 | NOTE | |
r-patched-linux-x86_64 | 5.2 | 5.88 | 500.17 | 506.05 | NOTE | |
r-release-linux-x86_64 | 5.2 | 7.38 | 507.74 | 515.12 | OK | |
r-release-macos-arm64 | 5.2 | 260.00 | OK | |||
r-release-macos-x86_64 | 5.2 | 381.00 | OK | |||
r-release-windows-x86_64 | 5.2 | 9.00 | 449.00 | 458.00 | OK | |
r-oldrel-macos-arm64 | 5.2 | 285.00 | OK | |||
r-oldrel-windows-x86_64 | 5.2 | 11.00 | 443.00 | 454.00 | OK |
Version: 5.2
Check: Rd files
Result: NOTE
checkRd: (-1) gMLE.bb.Rd:18: Lost braces
18 | \item{optim.method}{optimization method in \code{optim()}{stats}.}
| ^
Flavors: r-devel-linux-x86_64-debian-clang, r-devel-linux-x86_64-debian-gcc, r-devel-linux-x86_64-fedora-clang, r-devel-linux-x86_64-fedora-gcc, r-devel-windows-x86_64, r-patched-linux-x86_64