Last updated on 2023-05-22 17:01:16 CEST.
Flavor | Version | Tinstall | Tcheck | Ttotal | Status | Flags |
---|---|---|---|---|---|---|
r-devel-linux-x86_64-debian-clang | 0.2.8 | 53.77 | 138.05 | 191.82 | NOTE | |
r-devel-linux-x86_64-debian-gcc | 0.2.8 | 42.70 | 105.48 | 148.18 | NOTE | |
r-devel-linux-x86_64-fedora-clang | 0.2.8 | 244.17 | NOTE | |||
r-devel-linux-x86_64-fedora-gcc | 0.2.8 | 279.40 | NOTE | |||
r-devel-windows-x86_64 | 0.2.8 | 38.00 | 158.00 | 196.00 | NOTE | |
r-patched-linux-x86_64 | 0.2.8 | 51.59 | 139.93 | 191.52 | NOTE | |
r-release-linux-x86_64 | 0.2.8 | 43.89 | 143.40 | 187.29 | NOTE | |
r-release-macos-arm64 | 0.2.8 | 89.00 | NOTE | |||
r-release-macos-x86_64 | 0.2.8 | 117.00 | NOTE | |||
r-release-windows-x86_64 | 0.2.8 | 52.00 | 165.00 | 217.00 | NOTE | |
r-oldrel-macos-arm64 | 0.2.8 | 72.00 | NOTE | |||
r-oldrel-macos-x86_64 | 0.2.8 | 96.00 | NOTE | |||
r-oldrel-windows-x86_64 | 0.2.8 | 49.00 | 158.00 | 207.00 | OK |
Version: 0.2.8
Check: C++ specification
Result: NOTE
Specified C++11: please drop specification unless essential
Flavors: r-devel-linux-x86_64-debian-clang, r-devel-linux-x86_64-debian-gcc, r-devel-linux-x86_64-fedora-clang, r-devel-linux-x86_64-fedora-gcc, r-devel-windows-x86_64, r-patched-linux-x86_64, r-release-linux-x86_64, r-release-macos-arm64, r-release-macos-x86_64, r-release-windows-x86_64
Version: 0.2.8
Check: installed package size
Result: NOTE
installed size is 11.4Mb
sub-directories of 1Mb or more:
libs 11.1Mb
Flavors: r-release-macos-arm64, r-release-macos-x86_64, r-oldrel-macos-arm64, r-oldrel-macos-x86_64