CRAN Package Check Results for Package BayesProject

Last updated on 2023-06-04 08:57:04 CEST.

Flavor Version Tinstall Tcheck Ttotal Status Flags
r-devel-linux-x86_64-debian-clang 1.0 29.31 32.79 62.10 OK
r-devel-linux-x86_64-debian-gcc 1.0 24.75 26.53 51.28 OK
r-devel-linux-x86_64-fedora-clang 1.0 89.32 OK
r-devel-linux-x86_64-fedora-gcc 1.0 93.65 OK
r-devel-windows-x86_64 1.0 26.00 67.00 93.00 OK
r-patched-linux-x86_64 1.0 25.45 32.83 58.28 OK
r-release-linux-x86_64 1.0 25.96 32.55 58.51 OK
r-release-macos-arm64 1.0 32.00 NOTE
r-release-macos-x86_64 1.0 46.00 NOTE
r-release-windows-x86_64 1.0 34.00 73.00 107.00 OK
r-oldrel-macos-arm64 1.0 30.00 NOTE
r-oldrel-macos-x86_64 1.0 36.00 NOTE
r-oldrel-windows-x86_64 1.0 31.00 71.00 102.00 OK

Check Details

Version: 1.0
Check: installed package size
Result: NOTE
     installed size is 8.1Mb
     sub-directories of 1Mb or more:
     libs 8.0Mb
Flavors: r-release-macos-arm64, r-release-macos-x86_64, r-oldrel-macos-arm64, r-oldrel-macos-x86_64