CRAN Package Check Results for Package BayesSPsurv

Last updated on 2021-12-02 16:51:51 CET.

Flavor Version Tinstall Tcheck Ttotal Status Flags
r-devel-linux-x86_64-debian-clang 0.1.4 57.14 151.96 209.10 OK
r-devel-linux-x86_64-debian-gcc 0.1.4 42.46 109.38 151.84 OK
r-devel-linux-x86_64-fedora-clang 0.1.4 275.49 NOTE
r-devel-linux-x86_64-fedora-gcc 0.1.4 267.69 NOTE
r-devel-windows-x86_64-new-UL 0.1.4 82.00 213.00 295.00 OK
r-devel-windows-x86_64-new-TK 0.1.4 NOTE
r-devel-windows-x86_64-old 0.1.4 81.00 137.00 218.00 OK
r-patched-linux-x86_64 0.1.4 52.22 136.65 188.87 OK
r-patched-solaris-x86 0.1.4 253.60 NOTE
r-release-linux-x86_64 0.1.4 53.08 137.41 190.49 OK
r-release-macos-arm64 0.1.4 NOTE
r-release-macos-x86_64 0.1.4 NOTE
r-release-windows-ix86+x86_64 0.1.4 141.00 241.00 382.00 OK
r-oldrel-macos-x86_64 0.1.4 NOTE
r-oldrel-windows-ix86+x86_64 0.1.4 147.00 242.00 389.00 OK

Check Details

Version: 0.1.4
Check: dependencies in R code
Result: NOTE
    Namespace in Imports field not imported from: ‘Rcpp’
     All declared Imports should be used.
Flavors: r-devel-linux-x86_64-fedora-clang, r-devel-linux-x86_64-fedora-gcc, r-devel-windows-x86_64-new-TK, r-patched-solaris-x86, r-release-macos-arm64, r-release-macos-x86_64, r-oldrel-macos-x86_64