CRAN Package Check Results for Package BayesSampling

Last updated on 2024-02-25 08:52:55 CET.

Flavor Version Tinstall Tcheck Ttotal Status Flags
r-devel-linux-x86_64-debian-clang 1.1.0 9.15 92.14 101.29 OK
r-devel-linux-x86_64-debian-gcc 1.1.0 6.79 65.10 71.89 OK
r-devel-linux-x86_64-fedora-clang 1.1.0 123.19 NOTE
r-devel-linux-x86_64-fedora-gcc 1.1.0 137.85 NOTE
r-devel-windows-x86_64 1.1.0 7.00 93.00 100.00 OK
r-patched-linux-x86_64 1.1.0 6.96 89.90 96.86 OK
r-release-linux-x86_64 1.1.0 9.41 90.69 100.10 OK
r-release-macos-arm64 1.1.0 53.00 OK
r-release-macos-x86_64 1.1.0 91.00 OK
r-release-windows-x86_64 1.1.0 10.00 96.00 106.00 OK
r-oldrel-macos-arm64 1.1.0 45.00 OK
r-oldrel-windows-x86_64 1.1.0 10.00 93.00 103.00 OK

Check Details

Version: 1.1.0
Check: dependencies in R code
Result: NOTE Namespaces in Imports field not imported from: ‘MASS’ ‘Matrix’ ‘matrixcalc’ ‘stats’ All declared Imports should be used. Flavors: r-devel-linux-x86_64-fedora-clang, r-devel-linux-x86_64-fedora-gcc