Last updated on 2023-05-28 23:13:53 CEST.
Flavor | Version | Tinstall | Tcheck | Ttotal | Status | Flags |
---|---|---|---|---|---|---|
r-devel-linux-x86_64-debian-clang | 0.1.5 | 648.68 | 207.46 | 856.14 | NOTE | |
r-devel-linux-x86_64-debian-gcc | 0.1.5 | 597.47 | 193.91 | 791.38 | NOTE | |
r-devel-linux-x86_64-fedora-clang | 0.1.5 | 1048.35 | NOTE | |||
r-devel-linux-x86_64-fedora-gcc | 0.1.5 | 1487.46 | NOTE | |||
r-devel-windows-x86_64 | 0.1.5 | 494.00 | 236.00 | 730.00 | NOTE | |
r-patched-linux-x86_64 | 0.1.5 | 604.63 | 252.52 | 857.15 | NOTE | |
r-release-linux-x86_64 | 0.1.5 | 602.91 | 246.52 | 849.43 | NOTE | |
r-release-macos-arm64 | 0.1.5 | 347.00 | NOTE | |||
r-release-macos-x86_64 | 0.1.5 | 528.00 | NOTE | |||
r-release-windows-x86_64 | 0.1.5 | 648.00 | 287.00 | 935.00 | NOTE | |
r-oldrel-macos-arm64 | 0.1.5 | 219.00 | NOTE | |||
r-oldrel-macos-x86_64 | 0.1.5 | 376.00 | NOTE | |||
r-oldrel-windows-x86_64 | 0.1.5 | 592.00 | 263.00 | 855.00 | NOTE |
Version: 0.1.5
Check: for GNU extensions in Makefiles
Result: NOTE
GNU make is a SystemRequirements.
Flavors: r-devel-linux-x86_64-debian-clang, r-devel-linux-x86_64-debian-gcc, r-devel-linux-x86_64-fedora-clang, r-devel-linux-x86_64-fedora-gcc, r-devel-windows-x86_64, r-patched-linux-x86_64, r-release-linux-x86_64, r-release-macos-arm64, r-release-macos-x86_64, r-release-windows-x86_64, r-oldrel-macos-arm64, r-oldrel-macos-x86_64, r-oldrel-windows-x86_64
Version: 0.1.5
Check: installed package size
Result: NOTE
installed size is 6.5Mb
sub-directories of 1Mb or more:
libs 6.1Mb
Flavors: r-devel-linux-x86_64-fedora-clang, r-devel-windows-x86_64, r-release-macos-arm64, r-release-macos-x86_64, r-release-windows-x86_64, r-oldrel-macos-arm64, r-oldrel-macos-x86_64, r-oldrel-windows-x86_64
Version: 0.1.5
Check: dependencies in R code
Result: NOTE
Namespaces in Imports field not imported from:
‘RcppParallel’ ‘rstantools’
All declared Imports should be used.
Flavors: r-devel-linux-x86_64-fedora-clang, r-devel-linux-x86_64-fedora-gcc, r-oldrel-macos-arm64, r-oldrel-macos-x86_64