CRAN Package Check Results for Package BayesianGLasso

Last updated on 2024-05-24 17:01:24 CEST.

Flavor Version Tinstall Tcheck Ttotal Status Flags
r-devel-linux-x86_64-debian-clang 0.2.0 1.82 22.20 24.02 NOTE
r-devel-linux-x86_64-debian-gcc 0.2.0 1.45 16.91 18.36 NOTE
r-devel-linux-x86_64-fedora-clang 0.2.0 31.46 NOTE
r-devel-linux-x86_64-fedora-gcc 0.2.0 28.89 NOTE
r-devel-windows-x86_64 0.2.0 2.00 38.00 40.00 NOTE
r-patched-linux-x86_64 0.2.0 1.90 21.33 23.23 NOTE
r-release-linux-x86_64 0.2.0 1.76 20.31 22.07 NOTE
r-release-macos-arm64 0.2.0 13.00 NOTE
r-release-windows-x86_64 0.2.0 2.00 98.00 100.00 NOTE
r-oldrel-macos-arm64 0.2.0 15.00 NOTE
r-oldrel-macos-x86_64 0.2.0 20.00 NOTE
r-oldrel-windows-x86_64 0.2.0 2.00 37.00 39.00 NOTE

Check Details

Version: 0.2.0
Check: LazyData
Result: NOTE 'LazyData' is specified without a 'data' directory Flavors: r-devel-linux-x86_64-debian-clang, r-devel-linux-x86_64-debian-gcc, r-devel-linux-x86_64-fedora-clang, r-devel-linux-x86_64-fedora-gcc, r-devel-windows-x86_64, r-patched-linux-x86_64, r-release-linux-x86_64, r-release-macos-arm64, r-release-windows-x86_64, r-oldrel-macos-arm64, r-oldrel-macos-x86_64, r-oldrel-windows-x86_64