CRAN Package Check Results for Package BayesianNetwork

Last updated on 2023-06-07 17:55:32 CEST.

Flavor Version Tinstall Tcheck Ttotal Status Flags
r-devel-linux-x86_64-debian-clang 0.1.5 10.24 74.76 85.00 NOTE
r-devel-linux-x86_64-debian-gcc 0.1.5 7.65 56.33 63.98 NOTE
r-devel-linux-x86_64-fedora-clang 0.1.5 105.69 NOTE
r-devel-linux-x86_64-fedora-gcc 0.1.5 111.84 NOTE
r-devel-windows-x86_64 0.1.5 11.00 79.00 90.00 NOTE
r-patched-linux-x86_64 0.1.5 6.71 70.41 77.12 NOTE
r-release-linux-x86_64 0.1.5 6.94 69.39 76.33 NOTE
r-release-macos-arm64 0.1.5 49.00 NOTE
r-release-macos-x86_64 0.1.5 62.00 NOTE
r-release-windows-x86_64 0.1.5 15.00 89.00 104.00 NOTE
r-oldrel-macos-arm64 0.1.5 43.00 NOTE
r-oldrel-macos-x86_64 0.1.5 66.00 NOTE
r-oldrel-windows-x86_64 0.1.5 13.00 95.00 108.00 NOTE

Check Details

Version: 0.1.5
Check: LazyData
Result: NOTE
     'LazyData' is specified without a 'data' directory
Flavors: r-devel-linux-x86_64-debian-clang, r-devel-linux-x86_64-debian-gcc, r-devel-linux-x86_64-fedora-clang, r-devel-linux-x86_64-fedora-gcc, r-devel-windows-x86_64, r-patched-linux-x86_64, r-release-linux-x86_64, r-release-macos-arm64, r-release-macos-x86_64, r-release-windows-x86_64, r-oldrel-macos-arm64, r-oldrel-macos-x86_64, r-oldrel-windows-x86_64

Version: 0.1.5
Check: dependencies in R code
Result: NOTE
    Namespaces in Imports field not imported from:
     ‘shinytest’ ‘testthat’
     All declared Imports should be used.
Flavors: r-devel-linux-x86_64-fedora-clang, r-devel-linux-x86_64-fedora-gcc, r-oldrel-macos-arm64, r-oldrel-macos-x86_64